45.227.253.162 - - [08/Jun/2026:02:29:23 +0200] "GET / HTTP/2.0" 301 - "-" "Mozilla/5.0 (Macintosh; Intel Mac OS X 10_15_7) AppleWebKit/537.36 (KHTML, like Gecko) Chrome/120.0.0.0 Safari/537.36"
142.147.183.184 - - [08/Jun/2026:02:29:43 +0200] "GET /?h=4340333521100 HTTP/2.0" 301 312 "-" "Mozilla/5.0 (Macintosh; Intel Mac OS X 10_15_7) AppleWebKit/537.36 (KHTML, like Gecko) Chrome/142.0.0.0 Safari/537.36"
66.249.64.12 - - [08/Jun/2026:02:31:58 +0200] "GET /?h=37537572241100 HTTP/1.1" 301 313 "-" "Mozilla/5.0 (Linux; Android 6.0.1; Nexus 5X Build/MMB29P) AppleWebKit/537.36 (KHTML, like Gecko) Chrome/148.0.7778.96 Mobile Safari/537.36 (compatible; Googlebot/2.1; +http://www.google.com/bot.html)"
66.249.64.11 - - [08/Jun/2026:02:31:58 +0200] "GET /index.php/?h=37537572241100 HTTP/1.1" 301 - "-" "Mozilla/5.0 (Linux; Android 6.0.1; Nexus 5X Build/MMB29P) AppleWebKit/537.36 (KHTML, like Gecko) Chrome/148.0.7778.96 Mobile Safari/537.36 (compatible; Googlebot/2.1; +http://www.google.com/bot.html)"
66.249.64.12 - - [08/Jun/2026:02:38:18 +0200] "GET /?h=43442967921100 HTTP/1.1" 301 313 "-" "Mozilla/5.0 (Linux; Android 6.0.1; Nexus 5X Build/MMB29P) AppleWebKit/537.36 (KHTML, like Gecko) Chrome/148.0.7778.96 Mobile Safari/537.36 (compatible; Googlebot/2.1; +http://www.google.com/bot.html)"
66.249.64.10 - - [08/Jun/2026:02:38:18 +0200] "GET /index.php/?h=43442967921100 HTTP/1.1" 301 - "-" "Mozilla/5.0 (Linux; Android 6.0.1; Nexus 5X Build/MMB29P) AppleWebKit/537.36 (KHTML, like Gecko) Chrome/148.0.7778.96 Mobile Safari/537.36 (compatible; Googlebot/2.1; +http://www.google.com/bot.html)"
52.167.144.179 - - [08/Jun/2026:02:39:29 +0200] "GET /index.php/ HTTP/2.0" 301 - "-" "Mozilla/5.0 AppleWebKit/537.36 (KHTML, like Gecko; compatible; bingbot/2.0; +http://www.bing.com/bingbot.htm) Chrome/116.0.1938.76 Safari/537.36"
103.122.3.28 - - [08/Jun/2026:02:43:36 +0200] "GET /18486-2/ HTTP/1.1" 301 296 "https://verona.elettroservicegroup.it/" "Mozilla/5.0 (Windows NT 10.0; WOW64) AppleWebKit/537.36 (KHTML, like Gecko) Chrome/114.0.0.0 Safari/537.36 Vivaldi/5.3.2679.68"
103.122.3.28 - - [08/Jun/2026:02:43:37 +0200] "GET /index.php/ HTTP/1.1" 301 - "https://verona.elettroservicegroup.it/18486-2/" "Mozilla/5.0 (Windows NT 10.0; WOW64) AppleWebKit/537.36 (KHTML, like Gecko) Chrome/114.0.0.0 Safari/537.36 Vivaldi/5.3.2679.68"
103.122.3.28 - - [08/Jun/2026:02:43:38 +0200] "GET / HTTP/1.1" 200 17436 "-" "Mozilla/5.0 (Windows NT 10.0; WOW64) AppleWebKit/537.36 (KHTML, like Gecko) Chrome/114.0.0.0 Safari/537.36 Vivaldi/5.3.2679.68"
103.122.3.28 - - [08/Jun/2026:02:43:40 +0200] "GET /about:blank HTTP/1.1" 301 296 "https://verona.elettroservicegroup.it" "Mozilla/5.0 (Windows NT 10.0; WOW64) AppleWebKit/537.36 (KHTML, like Gecko) Chrome/114.0.0.0 Safari/537.36 Vivaldi/5.3.2679.68"
103.122.3.28 - - [08/Jun/2026:02:43:44 +0200] "GET /index.php/ HTTP/1.1" 301 - "https://verona.elettroservicegroup.it/about:blank" "Mozilla/5.0 (Windows NT 10.0; WOW64) AppleWebKit/537.36 (KHTML, like Gecko) Chrome/114.0.0.0 Safari/537.36 Vivaldi/5.3.2679.68"
103.122.3.28 - - [08/Jun/2026:02:43:46 +0200] "GET / HTTP/1.1" 200 17436 "https://verona.elettroservicegroup.it" "Mozilla/5.0 (Windows NT 10.0; WOW64) AppleWebKit/537.36 (KHTML, like Gecko) Chrome/114.0.0.0 Safari/537.36 Vivaldi/5.3.2679.68"
66.249.64.11 - - [08/Jun/2026:03:08:09 +0200] "GET /?h=10323566841100 HTTP/1.1" 301 313 "-" "Mozilla/5.0 (Linux; Android 6.0.1; Nexus 5X Build/MMB29P) AppleWebKit/537.36 (KHTML, like Gecko) Chrome/148.0.7778.96 Mobile Safari/537.36 (compatible; Googlebot/2.1; +http://www.google.com/bot.html)"
66.249.64.10 - - [08/Jun/2026:03:08:09 +0200] "GET /index.php/?h=10323566841100 HTTP/1.1" 301 - "-" "Mozilla/5.0 (Linux; Android 6.0.1; Nexus 5X Build/MMB29P) AppleWebKit/537.36 (KHTML, like Gecko) Chrome/148.0.7778.96 Mobile Safari/537.36 (compatible; Googlebot/2.1; +http://www.google.com/bot.html)"
66.249.64.12 - - [08/Jun/2026:03:09:09 +0200] "GET /?h=1626654081100 HTTP/1.1" 301 312 "-" "Mozilla/5.0 (Linux; Android 6.0.1; Nexus 5X Build/MMB29P) AppleWebKit/537.36 (KHTML, like Gecko) Chrome/148.0.7778.96 Mobile Safari/537.36 (compatible; Googlebot/2.1; +http://www.google.com/bot.html)"
66.249.64.10 - - [08/Jun/2026:03:09:10 +0200] "GET /index.php/?h=1626654081100 HTTP/1.1" 301 - "-" "Mozilla/5.0 (Linux; Android 6.0.1; Nexus 5X Build/MMB29P) AppleWebKit/537.36 (KHTML, like Gecko) Chrome/148.0.7778.96 Mobile Safari/537.36 (compatible; Googlebot/2.1; +http://www.google.com/bot.html)"
47.82.10.16 - - [08/Jun/2026:03:11:48 +0200] "GET /?h=8768052401100 HTTP/1.1" 301 312 "https://verona.elettroservicegroup.it/" "Mozilla/5.0 (Windows NT 10.0; Win64; x64) AppleWebKit/537.36 (KHTML, like Gecko) Chrome/135.0.0.0 Safari/537.36"
47.82.10.16 - - [08/Jun/2026:03:11:48 +0200] "GET /index.php/?h=8768052401100 HTTP/1.1" 301 - "https://verona.elettroservicegroup.it/" "Mozilla/5.0 (Windows NT 10.0; Win64; x64) AppleWebKit/537.36 (KHTML, like Gecko) Chrome/135.0.0.0 Safari/537.36"
66.249.64.11 - - [08/Jun/2026:03:25:04 +0200] "GET /?h=42429452321100 HTTP/1.1" 301 313 "-" "Mozilla/5.0 (Linux; Android 6.0.1; Nexus 5X Build/MMB29P) AppleWebKit/537.36 (KHTML, like Gecko) Chrome/148.0.7778.96 Mobile Safari/537.36 (compatible; Googlebot/2.1; +http://www.google.com/bot.html)"
66.249.64.10 - - [08/Jun/2026:03:25:05 +0200] "GET /index.php/?h=42429452321100 HTTP/1.1" 301 - "-" "Mozilla/5.0 (Linux; Android 6.0.1; Nexus 5X Build/MMB29P) AppleWebKit/537.36 (KHTML, like Gecko) Chrome/148.0.7778.96 Mobile Safari/537.36 (compatible; Googlebot/2.1; +http://www.google.com/bot.html)"
66.249.64.11 - - [08/Jun/2026:03:26:24 +0200] "GET /?h=44136956801100 HTTP/1.1" 301 313 "-" "Mozilla/5.0 (Linux; Android 6.0.1; Nexus 5X Build/MMB29P) AppleWebKit/537.36 (KHTML, like Gecko) Chrome/148.0.7778.96 Mobile Safari/537.36 (compatible; Googlebot/2.1; +http://www.google.com/bot.html)"
66.249.64.11 - - [08/Jun/2026:03:26:24 +0200] "GET /index.php/?h=44136956801100 HTTP/1.1" 301 - "-" "Mozilla/5.0 (Linux; Android 6.0.1; Nexus 5X Build/MMB29P) AppleWebKit/537.36 (KHTML, like Gecko) Chrome/148.0.7778.96 Mobile Safari/537.36 (compatible; Googlebot/2.1; +http://www.google.com/bot.html)"
66.249.64.12 - - [08/Jun/2026:03:27:05 +0200] "GET /?h=42950593001100 HTTP/1.1" 301 313 "-" "Mozilla/5.0 (Linux; Android 6.0.1; Nexus 5X Build/MMB29P) AppleWebKit/537.36 (KHTML, like Gecko) Chrome/148.0.7778.96 Mobile Safari/537.36 (compatible; Googlebot/2.1; +http://www.google.com/bot.html)"
66.249.64.12 - - [08/Jun/2026:03:27:06 +0200] "GET /index.php/?h=42950593001100 HTTP/1.1" 301 - "-" "Mozilla/5.0 (Linux; Android 6.0.1; Nexus 5X Build/MMB29P) AppleWebKit/537.36 (KHTML, like Gecko) Chrome/148.0.7778.96 Mobile Safari/537.36 (compatible; Googlebot/2.1; +http://www.google.com/bot.html)"
66.249.64.10 - - [08/Jun/2026:03:31:06 +0200] "GET /?h=40623341561100 HTTP/1.1" 301 313 "-" "Mozilla/5.0 (Linux; Android 6.0.1; Nexus 5X Build/MMB29P) AppleWebKit/537.36 (KHTML, like Gecko) Chrome/148.0.7778.96 Mobile Safari/537.36 (compatible; Googlebot/2.1; +http://www.google.com/bot.html)"
66.249.64.10 - - [08/Jun/2026:03:31:07 +0200] "GET /index.php/?h=40623341561100 HTTP/1.1" 301 - "-" "Mozilla/5.0 (Linux; Android 6.0.1; Nexus 5X Build/MMB29P) AppleWebKit/537.36 (KHTML, like Gecko) Chrome/148.0.7778.96 Mobile Safari/537.36 (compatible; Googlebot/2.1; +http://www.google.com/bot.html)"
213.201.158.226 - - [08/Jun/2026:03:33:23 +0200] "GET /index.php/?h=12176660681100 HTTP/2.0" 301 - "-" "Mozilla/5.0 (Macintosh; Intel Mac OS X 10_15_7) AppleWebKit/537.36 (KHTML, like Gecko) Chrome/142.0.0.0 Safari/537.36"
45.80.202.245 - - [08/Jun/2026:03:42:00 +0200] "GET /?h=464624801100 HTTP/1.1" 301 311 "-" "Mozilla/5.0 (Macintosh; Intel Mac OS X 10_15_7) AppleWebKit/537.36 (KHTML, like Gecko) Chrome/139.0.0.0 Safari/537.36"
45.80.202.245 - - [08/Jun/2026:03:42:00 +0200] "GET /index.php/?h=464624801100 HTTP/1.1" 301 - "-" "Mozilla/5.0 (Macintosh; Intel Mac OS X 10_15_7) AppleWebKit/537.36 (KHTML, like Gecko) Chrome/139.0.0.0 Safari/537.36"
188.95.156.251 - - [08/Jun/2026:03:42:04 +0200] "GET /?h=464624801100 HTTP/2.0" 301 311 "https://www.google.com/" "Mozilla/5.0 (Windows NT 10.0; Win64; x64) AppleWebKit/537.36 (KHTML, like Gecko) Chrome/148.0.0.0 Safari/537.36"
176.207.189.45 - - [08/Jun/2026:03:42:04 +0200] "GET /?h=464624801100 HTTP/2.0" 301 311 "https://verona.elettroservicegroup.it/" "Mozilla/5.0 (Windows NT 10.0; Win64; x64) AppleWebKit/537.36 (KHTML, like Gecko) Chrome/148.0.0.0 Safari/537.36"
212.216.181.39 - - [08/Jun/2026:03:42:04 +0200] "GET /?h=464624801100 HTTP/2.0" 301 311 "https://www.google.com/" "Mozilla/5.0 (Windows NT 10.0; Win64; x64) AppleWebKit/537.36 (KHTML, like Gecko) Chrome/149.0.0.0 Safari/537.36"
45.80.200.95 - - [08/Jun/2026:03:42:04 +0200] "GET /?h=464624801100 HTTP/2.0" 301 311 "https://verona.elettroservicegroup.it/" "Mozilla/5.0 (Windows NT 10.0; Win64; x64) AppleWebKit/537.36 (KHTML, like Gecko) Chrome/148.0.0.0 Safari/537.36"
188.95.154.90 - - [08/Jun/2026:03:42:04 +0200] "GET /?h=464624801100 HTTP/2.0" 301 311 "https://verona.elettroservicegroup.it/" "Mozilla/5.0 (Windows NT 10.0; Win64; x64) AppleWebKit/537.36 (KHTML, like Gecko) Chrome/148.0.0.0 Safari/537.36"
188.95.156.251 - - [08/Jun/2026:03:42:04 +0200] "GET /index.php/?h=464624801100 HTTP/2.0" 301 - "https://verona.elettroservicegroup.it/?h=464624801100" "Mozilla/5.0 (Windows NT 10.0; Win64; x64) AppleWebKit/537.36 (KHTML, like Gecko) Chrome/148.0.0.0 Safari/537.36"
176.207.189.45 - - [08/Jun/2026:03:42:04 +0200] "GET /index.php/?h=464624801100 HTTP/2.0" 301 - "https://verona.elettroservicegroup.it/?h=464624801100" "Mozilla/5.0 (Windows NT 10.0; Win64; x64) AppleWebKit/537.36 (KHTML, like Gecko) Chrome/148.0.0.0 Safari/537.36"
45.80.200.95 - - [08/Jun/2026:03:42:04 +0200] "GET /index.php/?h=464624801100 HTTP/2.0" 301 - "https://verona.elettroservicegroup.it/?h=464624801100" "Mozilla/5.0 (Windows NT 10.0; Win64; x64) AppleWebKit/537.36 (KHTML, like Gecko) Chrome/148.0.0.0 Safari/537.36"
212.216.181.39 - - [08/Jun/2026:03:42:04 +0200] "GET /index.php/?h=464624801100 HTTP/2.0" 301 - "https://verona.elettroservicegroup.it/?h=464624801100" "Mozilla/5.0 (Windows NT 10.0; Win64; x64) AppleWebKit/537.36 (KHTML, like Gecko) Chrome/149.0.0.0 Safari/537.36"
188.95.154.90 - - [08/Jun/2026:03:42:04 +0200] "GET /index.php/?h=464624801100 HTTP/2.0" 301 - "https://verona.elettroservicegroup.it/?h=464624801100" "Mozilla/5.0 (Windows NT 10.0; Win64; x64) AppleWebKit/537.36 (KHTML, like Gecko) Chrome/148.0.0.0 Safari/537.36"
79.52.116.124 - - [08/Jun/2026:03:42:04 +0200] "GET /?h=464624801100 HTTP/2.0" 301 311 "https://www.google.com/" "Mozilla/5.0 (Windows NT 10.0; Win64; x64) AppleWebKit/537.36 (KHTML, like Gecko) Chrome/148.0.0.0 Safari/537.36"
79.52.116.124 - - [08/Jun/2026:03:42:05 +0200] "GET /index.php/?h=464624801100 HTTP/2.0" 301 - "https://verona.elettroservicegroup.it/?h=464624801100" "Mozilla/5.0 (Windows NT 10.0; Win64; x64) AppleWebKit/537.36 (KHTML, like Gecko) Chrome/148.0.0.0 Safari/537.36"
5.183.39.54 - - [08/Jun/2026:03:42:05 +0200] "GET /?h=464624801100 HTTP/2.0" 301 311 "https://verona.elettroservicegroup.it/" "Mozilla/5.0 (Windows NT 10.0; Win64; x64) AppleWebKit/537.36 (KHTML, like Gecko) Chrome/148.0.0.0 Safari/537.36"
93.38.41.49 - - [08/Jun/2026:03:42:05 +0200] "GET /?h=464624801100 HTTP/2.0" 301 311 "https://verona.elettroservicegroup.it/" "Mozilla/5.0 (Windows NT 10.0; Win64; x64) AppleWebKit/537.36 (KHTML, like Gecko) Chrome/148.0.0.0 Safari/537.36"
5.183.39.54 - - [08/Jun/2026:03:42:05 +0200] "GET /index.php/?h=464624801100 HTTP/2.0" 301 - "https://verona.elettroservicegroup.it/?h=464624801100" "Mozilla/5.0 (Windows NT 10.0; Win64; x64) AppleWebKit/537.36 (KHTML, like Gecko) Chrome/148.0.0.0 Safari/537.36"
93.38.41.49 - - [08/Jun/2026:03:42:05 +0200] "GET /index.php/?h=464624801100 HTTP/2.0" 301 - "https://verona.elettroservicegroup.it/?h=464624801100" "Mozilla/5.0 (Windows NT 10.0; Win64; x64) AppleWebKit/537.36 (KHTML, like Gecko) Chrome/148.0.0.0 Safari/537.36"
80.96.90.84 - - [08/Jun/2026:03:42:05 +0200] "GET /?h=464624801100 HTTP/2.0" 301 311 "https://www.google.com/" "Mozilla/5.0 (Windows NT 10.0; Win64; x64) AppleWebKit/537.36 (KHTML, like Gecko) Chrome/148.0.0.0 Safari/537.36"
80.96.90.84 - - [08/Jun/2026:03:42:05 +0200] "GET /index.php/?h=464624801100 HTTP/2.0" 301 - "https://verona.elettroservicegroup.it/?h=464624801100" "Mozilla/5.0 (Windows NT 10.0; Win64; x64) AppleWebKit/537.36 (KHTML, like Gecko) Chrome/148.0.0.0 Safari/537.36"
94.176.127.168 - - [08/Jun/2026:03:42:05 +0200] "GET /?h=464624801100 HTTP/2.0" 301 311 "https://www.google.com/" "Mozilla/5.0 (Windows NT 10.0; Win64; x64) AppleWebKit/537.36 (KHTML, like Gecko) Chrome/149.0.0.0 Safari/537.36"
80.96.90.109 - - [08/Jun/2026:03:42:05 +0200] "GET /?h=464624801100 HTTP/2.0" 301 311 "https://verona.elettroservicegroup.it/" "Mozilla/5.0 (Windows NT 10.0; Win64; x64) AppleWebKit/537.36 (KHTML, like Gecko) Chrome/148.0.0.0 Safari/537.36"
80.96.90.109 - - [08/Jun/2026:03:42:05 +0200] "GET /index.php/?h=464624801100 HTTP/2.0" 301 - "https://verona.elettroservicegroup.it/?h=464624801100" "Mozilla/5.0 (Windows NT 10.0; Win64; x64) AppleWebKit/537.36 (KHTML, like Gecko) Chrome/148.0.0.0 Safari/537.36"
31.204.54.209 - - [08/Jun/2026:03:42:06 +0200] "GET /?h=464624801100 HTTP/2.0" 301 311 "https://verona.elettroservicegroup.it/" "Mozilla/5.0 (Windows NT 10.0; Win64; x64) AppleWebKit/537.36 (KHTML, like Gecko) Chrome/148.0.0.0 Safari/537.36"
94.176.127.168 - - [08/Jun/2026:03:42:06 +0200] "GET /index.php/?h=464624801100 HTTP/2.0" 301 - "https://verona.elettroservicegroup.it/?h=464624801100" "Mozilla/5.0 (Windows NT 10.0; Win64; x64) AppleWebKit/537.36 (KHTML, like Gecko) Chrome/149.0.0.0 Safari/537.36"
31.204.54.209 - - [08/Jun/2026:03:42:06 +0200] "GET /index.php/?h=464624801100 HTTP/2.0" 301 - "https://verona.elettroservicegroup.it/?h=464624801100" "Mozilla/5.0 (Windows NT 10.0; Win64; x64) AppleWebKit/537.36 (KHTML, like Gecko) Chrome/148.0.0.0 Safari/537.36"
31.204.54.74 - - [08/Jun/2026:03:42:07 +0200] "GET /?h=464624801100 HTTP/2.0" 301 311 "https://www.google.com/" "Mozilla/5.0 (Windows NT 10.0; Win64; x64) AppleWebKit/537.36 (KHTML, like Gecko) Chrome/149.0.0.0 Safari/537.36"
31.204.54.74 - - [08/Jun/2026:03:42:07 +0200] "GET /index.php/?h=464624801100 HTTP/2.0" 301 - "https://verona.elettroservicegroup.it/?h=464624801100" "Mozilla/5.0 (Windows NT 10.0; Win64; x64) AppleWebKit/537.36 (KHTML, like Gecko) Chrome/149.0.0.0 Safari/537.36"
81.180.95.222 - - [08/Jun/2026:03:42:14 +0200] "GET /?h=464624801100 HTTP/2.0" 301 311 "https://verona.elettroservicegroup.it/" "Mozilla/5.0 (Windows NT 10.0; Win64; x64) AppleWebKit/537.36 (KHTML, like Gecko) Chrome/148.0.0.0 Safari/537.36"
81.180.95.222 - - [08/Jun/2026:03:42:14 +0200] "GET /index.php/?h=464624801100 HTTP/2.0" 301 - "https://verona.elettroservicegroup.it/?h=464624801100" "Mozilla/5.0 (Windows NT 10.0; Win64; x64) AppleWebKit/537.36 (KHTML, like Gecko) Chrome/148.0.0.0 Safari/537.36"
95.230.210.208 - - [08/Jun/2026:03:42:16 +0200] "GET /?h=464624801100 HTTP/2.0" 301 311 "-" "Mozilla/5.0 (Windows NT 10.0; Win64; x64) AppleWebKit/537.36 (KHTML, like Gecko) Chrome/147.0.0.0 Safari/537.36"
95.230.210.208 - - [08/Jun/2026:03:42:16 +0200] "GET /index.php/?h=464624801100 HTTP/2.0" 301 - "-" "Mozilla/5.0 (Windows NT 10.0; Win64; x64) AppleWebKit/537.36 (KHTML, like Gecko) Chrome/147.0.0.0 Safari/537.36"
95.230.210.208 - - [08/Jun/2026:03:42:16 +0200] "GET /favicon.ico HTTP/2.0" 301 296 "https://verona.elettroservicegroup.it/index.php/?h=464624801100" "Mozilla/5.0 (Windows NT 10.0; Win64; x64) AppleWebKit/537.36 (KHTML, like Gecko) Chrome/147.0.0.0 Safari/537.36"
95.230.210.208 - - [08/Jun/2026:03:42:17 +0200] "GET /index.php/ HTTP/2.0" 301 - "https://verona.elettroservicegroup.it/index.php/?h=464624801100" "Mozilla/5.0 (Windows NT 10.0; Win64; x64) AppleWebKit/537.36 (KHTML, like Gecko) Chrome/147.0.0.0 Safari/537.36"
66.249.64.12 - - [08/Jun/2026:03:46:47 +0200] "GET /?h=22065427801100 HTTP/1.1" 301 313 "-" "Mozilla/5.0 (Linux; Android 6.0.1; Nexus 5X Build/MMB29P) AppleWebKit/537.36 (KHTML, like Gecko) Chrome/148.0.7778.96 Mobile Safari/537.36 (compatible; Googlebot/2.1; +http://www.google.com/bot.html)"
66.249.64.10 - - [08/Jun/2026:03:46:48 +0200] "GET /index.php/?h=22065427801100 HTTP/1.1" 301 - "-" "Mozilla/5.0 (Linux; Android 6.0.1; Nexus 5X Build/MMB29P) AppleWebKit/537.36 (KHTML, like Gecko) Chrome/148.0.7778.96 Mobile Safari/537.36 (compatible; Googlebot/2.1; +http://www.google.com/bot.html)"
217.181.92.82 - - [08/Jun/2026:03:53:32 +0200] "GET /wp-content/plugins/analytics-1780325109/ads-txt.php HTTP/1.1" 301 - "-" "Mozilla/5.0 (Windows NT 5.1) AppleWebKit/537.36 (KHTML, like Gecko) Chrome/35.0.1916.153 YaBrowser/14.7.1916.15574 Safari/537.3659500997"
66.249.64.11 - - [08/Jun/2026:04:01:12 +0200] "GET /?h=38160198761100 HTTP/1.1" 301 313 "-" "Mozilla/5.0 (Linux; Android 6.0.1; Nexus 5X Build/MMB29P) AppleWebKit/537.36 (KHTML, like Gecko) Chrome/148.0.7778.96 Mobile Safari/537.36 (compatible; Googlebot/2.1; +http://www.google.com/bot.html)"
66.249.64.12 - - [08/Jun/2026:04:01:12 +0200] "GET /index.php/?h=38160198761100 HTTP/1.1" 301 - "-" "Mozilla/5.0 (Linux; Android 6.0.1; Nexus 5X Build/MMB29P) AppleWebKit/537.36 (KHTML, like Gecko) Chrome/148.0.7778.96 Mobile Safari/537.36 (compatible; Googlebot/2.1; +http://www.google.com/bot.html)"
66.249.64.11 - - [08/Jun/2026:04:11:10 +0200] "GET /?h=42993070241100 HTTP/1.1" 301 313 "-" "Mozilla/5.0 (Linux; Android 6.0.1; Nexus 5X Build/MMB29P) AppleWebKit/537.36 (KHTML, like Gecko) Chrome/148.0.7778.96 Mobile Safari/537.36 (compatible; Googlebot/2.1; +http://www.google.com/bot.html)"
66.249.64.12 - - [08/Jun/2026:04:11:11 +0200] "GET /index.php/?h=42993070241100 HTTP/1.1" 301 - "-" "Mozilla/5.0 (Linux; Android 6.0.1; Nexus 5X Build/MMB29P) AppleWebKit/537.36 (KHTML, like Gecko) Chrome/148.0.7778.96 Mobile Safari/537.36 (compatible; Googlebot/2.1; +http://www.google.com/bot.html)"
66.249.64.10 - - [08/Jun/2026:04:19:36 +0200] "GET /?h=12016151321100 HTTP/1.1" 301 313 "-" "Mozilla/5.0 (Linux; Android 6.0.1; Nexus 5X Build/MMB29P) AppleWebKit/537.36 (KHTML, like Gecko) Chrome/148.0.7778.96 Mobile Safari/537.36 (compatible; Googlebot/2.1; +http://www.google.com/bot.html)"
66.249.64.12 - - [08/Jun/2026:04:19:36 +0200] "GET /index.php/?h=12016151321100 HTTP/1.1" 301 - "-" "Mozilla/5.0 (Linux; Android 6.0.1; Nexus 5X Build/MMB29P) AppleWebKit/537.36 (KHTML, like Gecko) Chrome/148.0.7778.96 Mobile Safari/537.36 (compatible; Googlebot/2.1; +http://www.google.com/bot.html)"
66.249.64.12 - - [08/Jun/2026:04:21:36 +0200] "GET /?h=42981522161100 HTTP/1.1" 301 313 "-" "Mozilla/5.0 (Linux; Android 6.0.1; Nexus 5X Build/MMB29P) AppleWebKit/537.36 (KHTML, like Gecko) Chrome/148.0.7778.96 Mobile Safari/537.36 (compatible; Googlebot/2.1; +http://www.google.com/bot.html)"
66.249.64.12 - - [08/Jun/2026:04:21:37 +0200] "GET /index.php/?h=42981522161100 HTTP/1.1" 301 - "-" "Mozilla/5.0 (Linux; Android 6.0.1; Nexus 5X Build/MMB29P) AppleWebKit/537.36 (KHTML, like Gecko) Chrome/148.0.7778.96 Mobile Safari/537.36 (compatible; Googlebot/2.1; +http://www.google.com/bot.html)"
66.249.89.12 - - [08/Jun/2026:04:26:11 +0200] "GET /?h=29673255161100 HTTP/1.1" 301 313 "-" "Mozilla/5.0 (X11; Linux x86_64) AppleWebKit/537.36 (KHTML, like Gecko) Chrome/148.0.7778.96 Safari/537.36"
66.249.89.12 - - [08/Jun/2026:04:26:12 +0200] "GET /index.php/?h=29673255161100 HTTP/1.1" 301 - "-" "Mozilla/5.0 (X11; Linux x86_64) AppleWebKit/537.36 (KHTML, like Gecko) Chrome/148.0.7778.96 Safari/537.36"
52.167.144.161 - - [08/Jun/2026:04:27:30 +0200] "GET / HTTP/2.0" 200 17436 "-" "Mozilla/5.0 AppleWebKit/537.36 (KHTML, like Gecko; compatible; bingbot/2.0; +http://www.bing.com/bingbot.htm) Chrome/116.0.1938.76 Safari/537.36"
45.227.253.162 - - [08/Jun/2026:04:37:28 +0200] "GET /wp-login.php HTTP/2.0" 200 11891 "-" "Mozilla/5.0 (Macintosh; Intel Mac OS X 10_15_7) AppleWebKit/605.1.15 (KHTML, like Gecko) Version/18.0 Safari/605.1.15"
45.227.253.162 - - [08/Jun/2026:04:37:29 +0200] "GET / HTTP/2.0" 200 11816 "-" "Mozilla/5.0 (Windows NT 10.0; Win64; x64; rv:133.0) Gecko/20100101 Firefox/133.0"
52.167.144.140 - - [08/Jun/2026:04:38:34 +0200] "GET /quick-win-casino-un-apercu-complet-pour-les-joueurs-exigeants/ HTTP/2.0" 301 296 "-" "Mozilla/5.0 AppleWebKit/537.36 (KHTML, like Gecko; compatible; bingbot/2.0; +http://www.bing.com/bingbot.htm) Chrome/116.0.1938.76 Safari/537.36"
66.249.64.12 - - [08/Jun/2026:04:40:00 +0200] "GET /?h=13332378801100 HTTP/1.1" 301 313 "-" "Mozilla/5.0 (Linux; Android 6.0.1; Nexus 5X Build/MMB29P) AppleWebKit/537.36 (KHTML, like Gecko) Chrome/148.0.7778.96 Mobile Safari/537.36 (compatible; Googlebot/2.1; +http://www.google.com/bot.html)"
66.249.64.10 - - [08/Jun/2026:04:40:00 +0200] "GET /index.php/?h=13332378801100 HTTP/1.1" 301 - "-" "Mozilla/5.0 (Linux; Android 6.0.1; Nexus 5X Build/MMB29P) AppleWebKit/537.36 (KHTML, like Gecko) Chrome/148.0.7778.96 Mobile Safari/537.36 (compatible; Googlebot/2.1; +http://www.google.com/bot.html)"
70.231.116.114 - - [08/Jun/2026:04:40:20 +0200] "GET /?h=7069365641100 HTTP/2.0" 301 312 "https://www.google.com/" "Mozilla/5.0 (iPhone; CPU iPhone OS 18_7 like Mac OS X) AppleWebKit/605.1.15 (KHTML, like Gecko) Version/26.5 Mobile/15E148 Safari/604.1"
70.231.116.114 - - [08/Jun/2026:04:40:20 +0200] "GET /index.php/?h=7069365641100 HTTP/2.0" 301 - "https://www.google.com/" "Mozilla/5.0 (iPhone; CPU iPhone OS 18_7 like Mac OS X) AppleWebKit/605.1.15 (KHTML, like Gecko) Version/26.5 Mobile/15E148 Safari/604.1"
70.231.116.114 - - [08/Jun/2026:04:40:21 +0200] "GET /favicon.ico HTTP/2.0" 301 296 "https://verona.elettroservicegroup.it/index.php/?h=7069365641100" "Mozilla/5.0 (iPhone; CPU iPhone OS 18_7 like Mac OS X) AppleWebKit/605.1.15 (KHTML, like Gecko) Version/26.5 Mobile/15E148 Safari/604.1"
70.231.116.114 - - [08/Jun/2026:04:40:21 +0200] "GET /index.php/ HTTP/2.0" 301 - "https://verona.elettroservicegroup.it/index.php/?h=7069365641100" "Mozilla/5.0 (iPhone; CPU iPhone OS 18_7 like Mac OS X) AppleWebKit/605.1.15 (KHTML, like Gecko) Version/26.5 Mobile/15E148 Safari/604.1"
70.231.116.114 - - [08/Jun/2026:04:40:29 +0200] "GET /index.php/?h=7069365641100 HTTP/2.0" 301 - "https://www.google.com/" "Mozilla/5.0 (iPhone; CPU iPhone OS 18_7 like Mac OS X) AppleWebKit/605.1.15 (KHTML, like Gecko) Version/26.5 Mobile/15E148 Safari/604.1"
70.231.116.114 - - [08/Jun/2026:04:40:31 +0200] "GET /index.php/?h=7069365641100 HTTP/2.0" 301 - "https://www.google.com/" "Mozilla/5.0 (iPhone; CPU iPhone OS 18_7 like Mac OS X) AppleWebKit/605.1.15 (KHTML, like Gecko) Version/26.5 Mobile/15E148 Safari/604.1"
70.231.116.114 - - [08/Jun/2026:04:40:45 +0200] "GET /index.php/?h=7069365641100 HTTP/2.0" 301 - "https://www.google.com/" "Mozilla/5.0 (iPhone; CPU iPhone OS 18_7 like Mac OS X) AppleWebKit/605.1.15 (KHTML, like Gecko) Version/26.5 Mobile/15E148 Safari/604.1"
70.231.116.114 - - [08/Jun/2026:04:40:51 +0200] "GET /index.php/?h=7069365641100 HTTP/2.0" 301 - "https://www.google.com/" "Mozilla/5.0 (iPhone; CPU iPhone OS 18_7 like Mac OS X) AppleWebKit/605.1.15 (KHTML, like Gecko) Version/26.5 Mobile/15E148 Safari/604.1"
70.231.116.114 - - [08/Jun/2026:04:40:51 +0200] "GET /index.php/?h=7069365641100 HTTP/2.0" 301 - "https://www.google.com/" "Mozilla/5.0 (iPhone; CPU iPhone OS 18_7 like Mac OS X) AppleWebKit/605.1.15 (KHTML, like Gecko) Version/26.5 Mobile/15E148 Safari/604.1"
66.249.64.12 - - [08/Jun/2026:04:51:55 +0200] "GET /?h=19586798041100 HTTP/1.1" 301 313 "-" "Mozilla/5.0 (Linux; Android 6.0.1; Nexus 5X Build/MMB29P) AppleWebKit/537.36 (KHTML, like Gecko) Chrome/148.0.7778.96 Mobile Safari/537.36 (compatible; Googlebot/2.1; +http://www.google.com/bot.html)"
66.249.64.10 - - [08/Jun/2026:04:51:55 +0200] "GET /index.php/?h=19586798041100 HTTP/1.1" 301 - "-" "Mozilla/5.0 (Linux; Android 6.0.1; Nexus 5X Build/MMB29P) AppleWebKit/537.36 (KHTML, like Gecko) Chrome/148.0.7778.96 Mobile Safari/537.36 (compatible; Googlebot/2.1; +http://www.google.com/bot.html)"
66.249.64.11 - - [08/Jun/2026:04:59:19 +0200] "GET /?h=8068095521100 HTTP/1.1" 301 312 "-" "Mozilla/5.0 (Linux; Android 6.0.1; Nexus 5X Build/MMB29P) AppleWebKit/537.36 (KHTML, like Gecko) Chrome/148.0.7778.96 Mobile Safari/537.36 (compatible; Googlebot/2.1; +http://www.google.com/bot.html)"
66.249.64.12 - - [08/Jun/2026:04:59:20 +0200] "GET /?h=9912580521100 HTTP/1.1" 301 312 "-" "Mozilla/5.0 (Linux; Android 6.0.1; Nexus 5X Build/MMB29P) AppleWebKit/537.36 (KHTML, like Gecko) Chrome/148.0.7778.96 Mobile Safari/537.36 (compatible; Googlebot/2.1; +http://www.google.com/bot.html)"
66.249.64.12 - - [08/Jun/2026:04:59:20 +0200] "GET /index.php/?h=8068095521100 HTTP/1.1" 301 - "-" "Mozilla/5.0 (Linux; Android 6.0.1; Nexus 5X Build/MMB29P) AppleWebKit/537.36 (KHTML, like Gecko) Chrome/148.0.7778.96 Mobile Safari/537.36 (compatible; Googlebot/2.1; +http://www.google.com/bot.html)"
66.249.64.11 - - [08/Jun/2026:04:59:20 +0200] "GET /index.php/?h=9912580521100 HTTP/1.1" 301 - "-" "Mozilla/5.0 (Linux; Android 6.0.1; Nexus 5X Build/MMB29P) AppleWebKit/537.36 (KHTML, like Gecko) Chrome/148.0.7778.96 Mobile Safari/537.36 (compatible; Googlebot/2.1; +http://www.google.com/bot.html)"
66.249.64.10 - - [08/Jun/2026:05:04:48 +0200] "GET /productSearch/pictureSearch?id=26442060601100 HTTP/1.1" 301 314 "-" "Mozilla/5.0 (Linux; Android 6.0.1; Nexus 5X Build/MMB29P) AppleWebKit/537.36 (KHTML, like Gecko) Chrome/148.0.7778.96 Mobile Safari/537.36 (compatible; Googlebot/2.1; +http://www.google.com/bot.html)"
66.249.64.11 - - [08/Jun/2026:05:04:48 +0200] "GET /?h=8868299881100 HTTP/1.1" 301 312 "-" "Mozilla/5.0 (Linux; Android 6.0.1; Nexus 5X Build/MMB29P) AppleWebKit/537.36 (KHTML, like Gecko) Chrome/148.0.7778.96 Mobile Safari/537.36 (compatible; GoogleOther)"
66.249.64.12 - - [08/Jun/2026:05:04:49 +0200] "GET /index.php/?id=26442060601100 HTTP/1.1" 301 - "-" "Mozilla/5.0 (Linux; Android 6.0.1; Nexus 5X Build/MMB29P) AppleWebKit/537.36 (KHTML, like Gecko) Chrome/148.0.7778.96 Mobile Safari/537.36 (compatible; Googlebot/2.1; +http://www.google.com/bot.html)"
84.32.11.53 - - [08/Jun/2026:05:04:49 +0200] "GET /?h=16775347841100 HTTP/2.0" 301 313 "-" "Mozilla/5.0 (Macintosh; Intel Mac OS X 10_15_7) AppleWebKit/605.1.15 (KHTML, like Gecko) Version/26.2 Safari/605.1.15"
84.32.11.53 - - [08/Jun/2026:05:04:49 +0200] "GET /index.php/?h=16775347841100 HTTP/2.0" 301 - "https://verona.elettroservicegroup.it/?h=16775347841100" "Mozilla/5.0 (Macintosh; Intel Mac OS X 10_15_7) AppleWebKit/605.1.15 (KHTML, like Gecko) Version/26.2 Safari/605.1.15"
66.249.64.11 - - [08/Jun/2026:05:04:49 +0200] "GET /index.php/?h=8868299881100 HTTP/1.1" 301 - "-" "Mozilla/5.0 (Linux; Android 6.0.1; Nexus 5X Build/MMB29P) AppleWebKit/537.36 (KHTML, like Gecko) Chrome/148.0.7778.96 Mobile Safari/537.36 (compatible; GoogleOther)"
187.244.125.217 - - [08/Jun/2026:05:04:54 +0200] "GET /?h=16775347841100 HTTP/2.0" 301 313 "-" "Mozilla/5.0 (Macintosh; Intel Mac OS X 10_15_7) AppleWebKit/605.1.15 (KHTML, like Gecko) Version/26.2 Safari/605.1.15"
187.244.125.217 - - [08/Jun/2026:05:04:54 +0200] "GET /index.php/?h=16775347841100 HTTP/2.0" 301 - "https://verona.elettroservicegroup.it/?h=16775347841100" "Mozilla/5.0 (Macintosh; Intel Mac OS X 10_15_7) AppleWebKit/605.1.15 (KHTML, like Gecko) Version/26.2 Safari/605.1.15"
66.249.64.10 - - [08/Jun/2026:05:05:32 +0200] "GET /?h=16775347841100 HTTP/1.1" 301 313 "-" "Mozilla/5.0 (Linux; Android 6.0.1; Nexus 5X Build/MMB29P) AppleWebKit/537.36 (KHTML, like Gecko) Chrome/99.0.4844.84 Mobile Safari/537.36 (compatible; Googlebot/2.1; +http://www.google.com/bot.html)"
66.249.64.11 - - [08/Jun/2026:05:05:33 +0200] "GET /?h=16775347841100 HTTP/1.1" 301 313 "-" "Mozilla/5.0 (compatible; Googlebot/2.1; +http://www.google.com/bot.html)"
66.249.64.12 - - [08/Jun/2026:05:05:33 +0200] "GET /index.php/?h=16775347841100 HTTP/1.1" 301 - "-" "Mozilla/5.0 (Linux; Android 6.0.1; Nexus 5X Build/MMB29P) AppleWebKit/537.36 (KHTML, like Gecko) Chrome/99.0.4844.84 Mobile Safari/537.36 (compatible; Googlebot/2.1; +http://www.google.com/bot.html)"
66.249.64.12 - - [08/Jun/2026:05:05:33 +0200] "GET /index.php/?h=16775347841100 HTTP/1.1" 301 - "-" "Mozilla/5.0 (compatible; Googlebot/2.1; +http://www.google.com/bot.html)"
32.216.233.194 - - [08/Jun/2026:05:10:33 +0200] "GET /?h=16775347841100 HTTP/2.0" 301 313 "https://www.google.com/" "Mozilla/5.0 (Windows NT 10.0; Win64; x64) AppleWebKit/537.36 (KHTML, like Gecko) Chrome/145.0.0.0 Safari/537.36"
32.216.233.194 - - [08/Jun/2026:05:10:33 +0200] "GET /index.php/?h=16775347841100 HTTP/2.0" 301 - "https://www.google.com/" "Mozilla/5.0 (Windows NT 10.0; Win64; x64) AppleWebKit/537.36 (KHTML, like Gecko) Chrome/145.0.0.0 Safari/537.36"
32.216.233.194 - - [08/Jun/2026:05:10:34 +0200] "GET /favicon.ico HTTP/2.0" 301 296 "https://verona.elettroservicegroup.it/index.php/?h=16775347841100" "Mozilla/5.0 (Windows NT 10.0; Win64; x64) AppleWebKit/537.36 (KHTML, like Gecko) Chrome/145.0.0.0 Safari/537.36"
32.216.233.194 - - [08/Jun/2026:05:10:34 +0200] "GET /index.php/ HTTP/2.0" 301 - "https://verona.elettroservicegroup.it/index.php/?h=16775347841100" "Mozilla/5.0 (Windows NT 10.0; Win64; x64) AppleWebKit/537.36 (KHTML, like Gecko) Chrome/145.0.0.0 Safari/537.36"
191.101.245.148 - - [08/Jun/2026:05:11:53 +0200] "GET /index.php/?h=26872845761100 HTTP/2.0" 301 - "-" "Mozilla/5.0 (Macintosh; Intel Mac OS X 10_15_7) AppleWebKit/537.36 (KHTML, like Gecko) Chrome/142.0.0.0 Safari/537.36"
172.203.190.140 - - [08/Jun/2026:05:11:59 +0200] "GET /robots.txt HTTP/2.0" 200 79 "-" "Mozilla/5.0 (Macintosh; Intel Mac OS X 10_15_7) AppleWebKit/537.36 (KHTML, like Gecko) Chrome/131.0.0.0 Safari/537.36; compatible; OAI-SearchBot/1.0; +https://openai.com/searchbot"
102.165.10.252 - - [08/Jun/2026:05:15:57 +0200] "GET /index.php/ HTTP/1.1" 301 - "-" "Mozilla/5.0 (Windows NT 10.0; Win64; x64) AppleWebKit/537.36 (KHTML, like Gecko) Chrome/131.0.0.0 Safari/537.36 Edg/131.0.0.0"
66.249.64.10 - - [08/Jun/2026:05:16:04 +0200] "GET /productSearch/pictureSearch?id=3291009921100 HTTP/1.1" 301 313 "-" "Mozilla/5.0 (Linux; Android 6.0.1; Nexus 5X Build/MMB29P) AppleWebKit/537.36 (KHTML, like Gecko) Chrome/148.0.7778.96 Mobile Safari/537.36 (compatible; Googlebot/2.1; +http://www.google.com/bot.html)"
66.249.64.11 - - [08/Jun/2026:05:16:05 +0200] "GET /index.php/?id=3291009921100 HTTP/1.1" 301 - "-" "Mozilla/5.0 (Linux; Android 6.0.1; Nexus 5X Build/MMB29P) AppleWebKit/537.36 (KHTML, like Gecko) Chrome/148.0.7778.96 Mobile Safari/537.36 (compatible; Googlebot/2.1; +http://www.google.com/bot.html)"
66.249.64.12 - - [08/Jun/2026:05:21:07 +0200] "GET /shop/sold?id=top38677415481100 HTTP/1.1" 301 317 "-" "Mozilla/5.0 (Linux; Android 6.0.1; Nexus 5X Build/MMB29P) AppleWebKit/537.36 (KHTML, like Gecko) Chrome/148.0.7778.96 Mobile Safari/537.36 (compatible; Googlebot/2.1; +http://www.google.com/bot.html)"
66.249.64.10 - - [08/Jun/2026:05:21:07 +0200] "GET /index.php/?id=top38677415481100 HTTP/1.1" 301 - "-" "Mozilla/5.0 (Linux; Android 6.0.1; Nexus 5X Build/MMB29P) AppleWebKit/537.36 (KHTML, like Gecko) Chrome/148.0.7778.96 Mobile Safari/537.36 (compatible; Googlebot/2.1; +http://www.google.com/bot.html)"
142.147.189.158 - - [08/Jun/2026:05:21:25 +0200] "GET /index.php/?h=23578285961100 HTTP/2.0" 301 - "-" "Mozilla/5.0 (Macintosh; Intel Mac OS X 10_15_7) AppleWebKit/537.36 (KHTML, like Gecko) Chrome/142.0.0.0 Safari/537.36"
66.249.64.11 - - [08/Jun/2026:05:30:17 +0200] "GET /?h=12760957721100 HTTP/1.1" 301 313 "-" "Mozilla/5.0 (Linux; Android 6.0.1; Nexus 5X Build/MMB29P) AppleWebKit/537.36 (KHTML, like Gecko) Chrome/148.0.7778.96 Mobile Safari/537.36 (compatible; Googlebot/2.1; +http://www.google.com/bot.html)"
66.249.64.10 - - [08/Jun/2026:05:30:17 +0200] "GET /index.php/?h=12760957721100 HTTP/1.1" 301 - "-" "Mozilla/5.0 (Linux; Android 6.0.1; Nexus 5X Build/MMB29P) AppleWebKit/537.36 (KHTML, like Gecko) Chrome/148.0.7778.96 Mobile Safari/537.36 (compatible; Googlebot/2.1; +http://www.google.com/bot.html)"
66.249.64.11 - - [08/Jun/2026:05:35:01 +0200] "GET /?h=38539972441100 HTTP/1.1" 301 313 "-" "Mozilla/5.0 (Linux; Android 6.0.1; Nexus 5X Build/MMB29P) AppleWebKit/537.36 (KHTML, like Gecko) Chrome/148.0.7778.96 Mobile Safari/537.36 (compatible; Googlebot/2.1; +http://www.google.com/bot.html)"
66.249.64.10 - - [08/Jun/2026:05:35:02 +0200] "GET /shop/sold?id=top2928573281100 HTTP/1.1" 301 316 "-" "Mozilla/5.0 (Linux; Android 6.0.1; Nexus 5X Build/MMB29P) AppleWebKit/537.36 (KHTML, like Gecko) Chrome/148.0.7778.96 Mobile Safari/537.36 (compatible; Googlebot/2.1; +http://www.google.com/bot.html)"
66.249.64.10 - - [08/Jun/2026:05:35:02 +0200] "GET /index.php/?h=38539972441100 HTTP/1.1" 301 - "-" "Mozilla/5.0 (Linux; Android 6.0.1; Nexus 5X Build/MMB29P) AppleWebKit/537.36 (KHTML, like Gecko) Chrome/148.0.7778.96 Mobile Safari/537.36 (compatible; Googlebot/2.1; +http://www.google.com/bot.html)"
66.249.64.10 - - [08/Jun/2026:05:35:02 +0200] "GET /index.php/?id=top2928573281100 HTTP/1.1" 301 - "-" "Mozilla/5.0 (Linux; Android 6.0.1; Nexus 5X Build/MMB29P) AppleWebKit/537.36 (KHTML, like Gecko) Chrome/148.0.7778.96 Mobile Safari/537.36 (compatible; Googlebot/2.1; +http://www.google.com/bot.html)"
66.249.64.12 - - [08/Jun/2026:05:40:04 +0200] "GET /?page_id=15592 HTTP/1.1" 301 310 "-" "Mozilla/5.0 (Linux; Android 6.0.1; Nexus 5X Build/MMB29P) AppleWebKit/537.36 (KHTML, like Gecko) Chrome/148.0.7778.96 Mobile Safari/537.36 (compatible; Googlebot/2.1; +http://www.google.com/bot.html)"
66.249.64.12 - - [08/Jun/2026:05:40:04 +0200] "GET /index.php/?page_id=15592 HTTP/1.1" 301 - "-" "Mozilla/5.0 (Linux; Android 6.0.1; Nexus 5X Build/MMB29P) AppleWebKit/537.36 (KHTML, like Gecko) Chrome/148.0.7778.96 Mobile Safari/537.36 (compatible; Googlebot/2.1; +http://www.google.com/bot.html)"
162.55.94.176 - - [08/Jun/2026:05:51:45 +0200] "GET /?h=15816708001100 HTTP/2.0" 301 313 "-" "SEBot-WA"
162.55.94.176 - - [08/Jun/2026:05:51:45 +0200] "GET /index.php/?h=15816708001100 HTTP/2.0" 301 - "-" "SEBot-WA"
162.55.94.176 - - [08/Jun/2026:05:51:50 +0200] "GET /?h=15816708001100 HTTP/2.0" 301 313 "-" "SEBot-WA"
162.55.94.176 - - [08/Jun/2026:05:51:50 +0200] "GET /index.php/?h=15816708001100 HTTP/2.0" 301 - "-" "SEBot-WA"
87.250.224.220 - - [08/Jun/2026:05:52:02 +0200] "GET /robots.txt HTTP/1.1" 200 83 "-" "Mozilla/5.0 (compatible; YandexBot/3.0; +http://yandex.com/bots)"
141.8.143.1 - - [08/Jun/2026:05:52:03 +0200] "GET / HTTP/2.0" 200 18918 "-" "Mozilla/5.0 (compatible; YandexBot/3.0; +http://yandex.com/bots)"
66.249.64.12 - - [08/Jun/2026:05:57:15 +0200] "GET /?h=4628602841100 HTTP/1.1" 301 312 "-" "Mozilla/5.0 (Linux; Android 6.0.1; Nexus 5X Build/MMB29P) AppleWebKit/537.36 (KHTML, like Gecko) Chrome/148.0.7778.96 Mobile Safari/537.36 (compatible; Googlebot/2.1; +http://www.google.com/bot.html)"
66.249.64.10 - - [08/Jun/2026:05:57:16 +0200] "GET /index.php/?h=4628602841100 HTTP/1.1" 301 - "-" "Mozilla/5.0 (Linux; Android 6.0.1; Nexus 5X Build/MMB29P) AppleWebKit/537.36 (KHTML, like Gecko) Chrome/148.0.7778.96 Mobile Safari/537.36 (compatible; Googlebot/2.1; +http://www.google.com/bot.html)"
95.32.76.249 - - [08/Jun/2026:06:03:16 +0200] "POST /xmlrpc.php HTTP/1.1" 200 11808 "-" "Mozilla/5.0 (Windows NT 10.0; Win64; x64) AppleWebKit/537.36"
185.211.98.219 - - [08/Jun/2026:06:06:00 +0200] "GET /?h=7105233321100 HTTP/2.0" 301 312 "-" "Mozilla/5.0 (Macintosh; Intel Mac OS X 10_15_7) AppleWebKit/605.1.15 (KHTML, like Gecko) Version/26.2 Safari/605.1.15"
185.211.98.219 - - [08/Jun/2026:06:06:00 +0200] "GET /index.php/?h=7105233321100 HTTP/2.0" 301 - "https://verona.elettroservicegroup.it/?h=7105233321100" "Mozilla/5.0 (Macintosh; Intel Mac OS X 10_15_7) AppleWebKit/605.1.15 (KHTML, like Gecko) Version/26.2 Safari/605.1.15"
85.254.114.196 - - [08/Jun/2026:06:06:01 +0200] "GET /?h=7105233321100 HTTP/2.0" 301 312 "-" "Mozilla/5.0 (Macintosh; Intel Mac OS X 10_15_7) AppleWebKit/605.1.15 (KHTML, like Gecko) Version/26.2 Safari/605.1.15"
85.254.114.196 - - [08/Jun/2026:06:06:01 +0200] "GET /index.php/?h=7105233321100 HTTP/2.0" 301 - "https://verona.elettroservicegroup.it/?h=7105233321100" "Mozilla/5.0 (Macintosh; Intel Mac OS X 10_15_7) AppleWebKit/605.1.15 (KHTML, like Gecko) Version/26.2 Safari/605.1.15"
45.91.91.94 - - [08/Jun/2026:06:06:03 +0200] "GET /?h=7105233321100 HTTP/2.0" 301 312 "-" "Mozilla/5.0 (Macintosh; Intel Mac OS X 10_15_7) AppleWebKit/605.1.15 (KHTML, like Gecko) Version/26.2 Safari/605.1.15"
45.91.91.94 - - [08/Jun/2026:06:06:03 +0200] "GET /index.php/?h=7105233321100 HTTP/2.0" 301 - "https://verona.elettroservicegroup.it/?h=7105233321100" "Mozilla/5.0 (Macintosh; Intel Mac OS X 10_15_7) AppleWebKit/605.1.15 (KHTML, like Gecko) Version/26.2 Safari/605.1.15"
45.227.253.162 - - [08/Jun/2026:06:29:41 +0200] "GET / HTTP/2.0" 301 - "-" "Mozilla/5.0 (Macintosh; Intel Mac OS X 10_15_7) AppleWebKit/537.36 (KHTML, like Gecko) Chrome/120.0.0.0 Safari/537.36"
66.249.64.11 - - [08/Jun/2026:06:30:52 +0200] "GET /?h=8397006921100 HTTP/1.1" 301 312 "-" "Mozilla/5.0 (Linux; Android 6.0.1; Nexus 5X Build/MMB29P) AppleWebKit/537.36 (KHTML, like Gecko) Chrome/148.0.7778.96 Mobile Safari/537.36 (compatible; Googlebot/2.1; +http://www.google.com/bot.html)"
66.249.64.10 - - [08/Jun/2026:06:30:52 +0200] "GET /index.php/?h=8397006921100 HTTP/1.1" 301 - "-" "Mozilla/5.0 (Linux; Android 6.0.1; Nexus 5X Build/MMB29P) AppleWebKit/537.36 (KHTML, like Gecko) Chrome/148.0.7778.96 Mobile Safari/537.36 (compatible; Googlebot/2.1; +http://www.google.com/bot.html)"
66.249.64.10 - - [08/Jun/2026:06:48:27 +0200] "GET /?h=3948743201100 HTTP/1.1" 301 312 "-" "Mozilla/5.0 (Linux; Android 6.0.1; Nexus 5X Build/MMB29P) AppleWebKit/537.36 (KHTML, like Gecko) Chrome/148.0.7778.96 Mobile Safari/537.36 (compatible; Googlebot/2.1; +http://www.google.com/bot.html)"
66.249.64.10 - - [08/Jun/2026:06:48:28 +0200] "GET /index.php/?h=3948743201100 HTTP/1.1" 301 - "-" "Mozilla/5.0 (Linux; Android 6.0.1; Nexus 5X Build/MMB29P) AppleWebKit/537.36 (KHTML, like Gecko) Chrome/148.0.7778.96 Mobile Safari/537.36 (compatible; Googlebot/2.1; +http://www.google.com/bot.html)"
66.249.64.11 - - [08/Jun/2026:06:56:58 +0200] "GET /?h=11321878961100 HTTP/1.1" 301 313 "-" "Mozilla/5.0 (Linux; Android 6.0.1; Nexus 5X Build/MMB29P) AppleWebKit/537.36 (KHTML, like Gecko) Chrome/148.0.7778.96 Mobile Safari/537.36 (compatible; Googlebot/2.1; +http://www.google.com/bot.html)"
66.249.64.11 - - [08/Jun/2026:06:56:58 +0200] "GET /index.php/?h=11321878961100 HTTP/1.1" 301 - "-" "Mozilla/5.0 (Linux; Android 6.0.1; Nexus 5X Build/MMB29P) AppleWebKit/537.36 (KHTML, like Gecko) Chrome/148.0.7778.96 Mobile Safari/537.36 (compatible; Googlebot/2.1; +http://www.google.com/bot.html)"
52.81.9.175 - - [08/Jun/2026:06:57:22 +0200] "GET / HTTP/2.0" 301 296 "-" "Mozilla/5.0 (Linux; Android 5.0; SM-G900P Build/LRX21T) AppleWebKit/537.36 (KHTML, like Gecko) Chrome/43.0.9974.1503 Mobile Safari/537.36"
52.81.9.175 - - [08/Jun/2026:06:57:23 +0200] "GET /index.php/ HTTP/2.0" 301 - "-" "Mozilla/5.0 (Linux; Android 5.0; SM-G900P Build/LRX21T) AppleWebKit/537.36 (KHTML, like Gecko) Chrome/43.0.9974.1503 Mobile Safari/537.36"
66.249.64.10 - - [08/Jun/2026:06:59:03 +0200] "GET /faqs HTTP/1.1" 301 296 "-" "Mozilla/5.0 (Linux; Android 6.0.1; Nexus 5X Build/MMB29P) AppleWebKit/537.36 (KHTML, like Gecko) Chrome/148.0.7778.96 Mobile Safari/537.36 (compatible; Googlebot/2.1; +http://www.google.com/bot.html)"
66.249.64.12 - - [08/Jun/2026:06:59:03 +0200] "GET /index.php/ HTTP/1.1" 301 - "-" "Mozilla/5.0 (Linux; Android 6.0.1; Nexus 5X Build/MMB29P) AppleWebKit/537.36 (KHTML, like Gecko) Chrome/148.0.7778.96 Mobile Safari/537.36 (compatible; Googlebot/2.1; +http://www.google.com/bot.html)"
18.97.9.96 - - [08/Jun/2026:07:02:15 +0200] "GET /robots.txt HTTP/1.1" 200 11752 "-" "Mozilla/5.0 AppleWebKit/537.36 (KHTML, like Gecko; compatible; PerplexityBot/1.0; +https://perplexity.ai/perplexitybot)"
18.97.9.97 - - [08/Jun/2026:07:02:15 +0200] "GET /?h=23664747361100 HTTP/1.1" 200 11788 "-" "Mozilla/5.0 AppleWebKit/537.36 (KHTML, like Gecko; compatible; PerplexityBot/1.0; +https://perplexity.ai/perplexitybot)"