88.230.93.126 - - [07/Jun/2026:19:15:03 +0200] "POST /xmlrpc.php HTTP/2.0" 403 52 "-" "Mozilla/5.0 (Windows NT 10.0; Win64; x64) AppleWebKit/537.36 (KHTML, like Gecko) Chrome/124.0.0.0 Safari/537.36"
212.119.46.233 - - [07/Jun/2026:19:15:04 +0200] "POST /xmlrpc.php HTTP/1.1" 200 11713 "-" "curl/7.88.1"
212.119.46.233 - - [07/Jun/2026:19:15:05 +0200] "POST /xmlrpc.php HTTP/1.1" 200 11777 "-" "curl/8.6.0"
213.232.122.129 - - [07/Jun/2026:19:15:05 +0200] "POST /xmlrpc.php HTTP/1.1" 200 11759 "-" "curl/8.6.0"
213.232.122.129 - - [07/Jun/2026:19:15:05 +0200] "POST /xmlrpc.php HTTP/1.1" 200 11804 "-" "curl/7.88.1"
212.119.46.233 - - [07/Jun/2026:19:15:06 +0200] "POST /xmlrpc.php HTTP/1.1" 200 11712 "-" "Wget/1.21.4"
213.232.122.129 - - [07/Jun/2026:19:15:06 +0200] "POST /xmlrpc.php HTTP/1.1" 200 11788 "-" "curl/7.88.1"
213.232.122.129 - - [07/Jun/2026:19:15:06 +0200] "GET /wp-login.php HTTP/1.1" 200 11759 "-" "curl/8.6.0"
223.181.195.219 - - [07/Jun/2026:19:15:06 +0200] "POST /xmlrpc.php HTTP/2.0" 403 52 "-" "Mozilla/5.0 (Macintosh; Intel Mac OS X 10_15_7) AppleWebKit/605.1.15 (KHTML, like Gecko) Version/18.0 Safari/605.1.15"
213.232.122.129 - - [07/Jun/2026:19:15:07 +0200] "GET /wp-admin/ HTTP/1.1" 200 11814 "-" "curl/8.6.0"
212.119.46.233 - - [07/Jun/2026:19:15:07 +0200] "GET /wp-login.php HTTP/1.1" 200 11804 "-" "curl/8.6.0"
213.232.122.129 - - [07/Jun/2026:19:15:07 +0200] "GET /my-account/ HTTP/1.1" 200 11821 "-" "curl/7.88.1"
212.119.46.233 - - [07/Jun/2026:19:15:08 +0200] "GET /wp-admin/ HTTP/1.1" 200 11729 "-" "curl/8.6.0"
213.232.122.129 - - [07/Jun/2026:19:15:08 +0200] "GET /wp-login.php HTTP/2.0" 200 11815 "-" "Mozilla/5.0 (Macintosh; Intel Mac OS X 10_15_7) AppleWebKit/605.1.15 (KHTML, like Gecko) Version/17.0 Safari/605.1.15"
212.119.46.233 - - [07/Jun/2026:19:15:09 +0200] "GET /my-account/ HTTP/1.1" 200 11782 "-" "curl/7.88.1"
213.230.86.79 - - [07/Jun/2026:19:15:09 +0200] "POST /xmlrpc.php HTTP/2.0" 200 11773 "-" "Mozilla/5.0 (Windows NT 10.0; Win64; x64; rv:133.0) Gecko/20100101 Firefox/133.0"
213.232.122.129 - - [07/Jun/2026:19:15:09 +0200] "GET /z0f76a1d14fd21a8fb5fd0d03e0fdc3d3cedae52f?wsidchk=10131096&pdata=https%253A%252F%252Fverona.elettroservicegroup.it%252Fwp-login.php&id=7fa3b767c460b54a2be4d49030b349c7&ts=1780852508 HTTP/2.0" 302 274 "https://verona.elettroservicegroup.it/wp-login.php" "Mozilla/5.0 (Macintosh; Intel Mac OS X 10_15_7) AppleWebKit/605.1.15 (KHTML, like Gecko) Version/17.0 Safari/605.1.15"
212.119.46.233 - - [07/Jun/2026:19:15:10 +0200] "GET /wp-login.php HTTP/2.0" 200 11855 "-" "Mozilla/5.0 (Macintosh; Intel Mac OS X 10_14_6) AppleWebKit/605.1.15 (KHTML, like Gecko) Version/15.6 Safari/605.1.15"
213.232.122.129 - - [07/Jun/2026:19:15:09 +0200] "GET /wp-login.php HTTP/2.0" 200 3124 "https://verona.elettroservicegroup.it/wp-login.php" "Mozilla/5.0 (Macintosh; Intel Mac OS X 10_15_7) AppleWebKit/605.1.15 (KHTML, like Gecko) Version/17.0 Safari/605.1.15"
213.232.122.129 - - [07/Jun/2026:19:15:11 +0200] "GET /wp-includes/css/buttons.min.css?ver=7.0 HTTP/2.0" 200 1462 "https://verona.elettroservicegroup.it/wp-login.php" "Mozilla/5.0 (Macintosh; Intel Mac OS X 10_15_7) AppleWebKit/605.1.15 (KHTML, like Gecko) Version/17.0 Safari/605.1.15"
213.232.122.129 - - [07/Jun/2026:19:15:11 +0200] "GET /wp-includes/css/dashicons.min.css?ver=7.0 HTTP/2.0" 200 35100 "https://verona.elettroservicegroup.it/wp-login.php" "Mozilla/5.0 (Macintosh; Intel Mac OS X 10_15_7) AppleWebKit/605.1.15 (KHTML, like Gecko) Version/17.0 Safari/605.1.15"
213.232.122.129 - - [07/Jun/2026:19:15:11 +0200] "GET /wp-includes/css/dist/base-styles/admin-schemes.min.css?ver=7.0 HTTP/2.0" 200 726 "https://verona.elettroservicegroup.it/wp-login.php" "Mozilla/5.0 (Macintosh; Intel Mac OS X 10_15_7) AppleWebKit/605.1.15 (KHTML, like Gecko) Version/17.0 Safari/605.1.15"
213.232.122.129 - - [07/Jun/2026:19:15:11 +0200] "GET /wp-admin/css/l10n.min.css?ver=7.0 HTTP/2.0" 200 677 "https://verona.elettroservicegroup.it/wp-login.php" "Mozilla/5.0 (Macintosh; Intel Mac OS X 10_15_7) AppleWebKit/605.1.15 (KHTML, like Gecko) Version/17.0 Safari/605.1.15"
213.232.122.129 - - [07/Jun/2026:19:15:11 +0200] "GET /wp-includes/js/zxcvbn-async.min.js?ver=1.0 HTTP/2.0" 200 188 "https://verona.elettroservicegroup.it/wp-login.php" "Mozilla/5.0 (Macintosh; Intel Mac OS X 10_15_7) AppleWebKit/605.1.15 (KHTML, like Gecko) Version/17.0 Safari/605.1.15"
213.232.122.129 - - [07/Jun/2026:19:15:11 +0200] "GET /wp-includes/js/dist/hooks.min.js?ver=7496969728ca0f95732d HTTP/2.0" 200 1711 "https://verona.elettroservicegroup.it/wp-login.php" "Mozilla/5.0 (Macintosh; Intel Mac OS X 10_15_7) AppleWebKit/605.1.15 (KHTML, like Gecko) Version/17.0 Safari/605.1.15"
213.232.122.129 - - [07/Jun/2026:19:15:11 +0200] "GET /wp-admin/js/password-strength-meter.min.js?ver=7.0 HTTP/2.0" 200 560 "https://verona.elettroservicegroup.it/wp-login.php" "Mozilla/5.0 (Macintosh; Intel Mac OS X 10_15_7) AppleWebKit/605.1.15 (KHTML, like Gecko) Version/17.0 Safari/605.1.15"
213.232.122.129 - - [07/Jun/2026:19:15:11 +0200] "GET /wp-includes/js/dist/dom-ready.min.js?ver=a06281ae5cf5500e9317 HTTP/2.0" 200 398 "https://verona.elettroservicegroup.it/wp-login.php" "Mozilla/5.0 (Macintosh; Intel Mac OS X 10_15_7) AppleWebKit/605.1.15 (KHTML, like Gecko) Version/17.0 Safari/605.1.15"
213.232.122.129 - - [07/Jun/2026:19:15:11 +0200] "GET /wp-includes/js/dist/a11y.min.js?ver=af934e5259bc51b8718e HTTP/2.0" 200 915 "https://verona.elettroservicegroup.it/wp-login.php" "Mozilla/5.0 (Macintosh; Intel Mac OS X 10_15_7) AppleWebKit/605.1.15 (KHTML, like Gecko) Version/17.0 Safari/605.1.15"
213.232.122.129 - - [07/Jun/2026:19:15:11 +0200] "GET /wp-admin/css/forms.min.css?ver=7.0 HTTP/2.0" 200 6492 "https://verona.elettroservicegroup.it/wp-login.php" "Mozilla/5.0 (Macintosh; Intel Mac OS X 10_15_7) AppleWebKit/605.1.15 (KHTML, like Gecko) Version/17.0 Safari/605.1.15"
213.232.122.129 - - [07/Jun/2026:19:15:11 +0200] "GET /wp-admin/css/login.min.css?ver=7.0 HTTP/2.0" 200 2020 "https://verona.elettroservicegroup.it/wp-login.php" "Mozilla/5.0 (Macintosh; Intel Mac OS X 10_15_7) AppleWebKit/605.1.15 (KHTML, like Gecko) Version/17.0 Safari/605.1.15"
213.232.122.129 - - [07/Jun/2026:19:15:11 +0200] "GET /wp-includes/js/clipboard.min.js?ver=2.0.11 HTTP/2.0" 200 2997 "https://verona.elettroservicegroup.it/wp-login.php" "Mozilla/5.0 (Macintosh; Intel Mac OS X 10_15_7) AppleWebKit/605.1.15 (KHTML, like Gecko) Version/17.0 Safari/605.1.15"
213.232.122.129 - - [07/Jun/2026:19:15:11 +0200] "GET /wp-includes/js/jquery/jquery-migrate.min.js?ver=3.4.1 HTTP/2.0" 200 4685 "https://verona.elettroservicegroup.it/wp-login.php" "Mozilla/5.0 (Macintosh; Intel Mac OS X 10_15_7) AppleWebKit/605.1.15 (KHTML, like Gecko) Version/17.0 Safari/605.1.15"
213.232.122.129 - - [07/Jun/2026:19:15:11 +0200] "GET /wp-includes/js/dist/i18n.min.js?ver=781d11515ad3d91786ec HTTP/2.0" 200 2333 "https://verona.elettroservicegroup.it/wp-login.php" "Mozilla/5.0 (Macintosh; Intel Mac OS X 10_15_7) AppleWebKit/605.1.15 (KHTML, like Gecko) Version/17.0 Safari/605.1.15"
213.232.122.129 - - [07/Jun/2026:19:15:11 +0200] "GET /wp-includes/js/wp-util.min.js?ver=7.0 HTTP/2.0" 200 693 "https://verona.elettroservicegroup.it/wp-login.php" "Mozilla/5.0 (Macintosh; Intel Mac OS X 10_15_7) AppleWebKit/605.1.15 (KHTML, like Gecko) Version/17.0 Safari/605.1.15"
213.232.122.129 - - [07/Jun/2026:19:15:11 +0200] "GET /wp-admin/js/user-profile.min.js?ver=7.0 HTTP/2.0" 200 2891 "https://verona.elettroservicegroup.it/wp-login.php" "Mozilla/5.0 (Macintosh; Intel Mac OS X 10_15_7) AppleWebKit/605.1.15 (KHTML, like Gecko) Version/17.0 Safari/605.1.15"
213.232.122.129 - - [07/Jun/2026:19:15:11 +0200] "GET /wp-includes/js/underscore.min.js?ver=1.13.8 HTTP/2.0" 200 7243 "https://verona.elettroservicegroup.it/wp-login.php" "Mozilla/5.0 (Macintosh; Intel Mac OS X 10_15_7) AppleWebKit/605.1.15 (KHTML, like Gecko) Version/17.0 Safari/605.1.15"
213.232.122.129 - - [07/Jun/2026:19:15:11 +0200] "GET /wp-includes/js/jquery/jquery.min.js?ver=3.7.1 HTTP/2.0" 200 29769 "https://verona.elettroservicegroup.it/wp-login.php" "Mozilla/5.0 (Macintosh; Intel Mac OS X 10_15_7) AppleWebKit/605.1.15 (KHTML, like Gecko) Version/17.0 Safari/605.1.15"
196.158.207.140 - - [07/Jun/2026:19:15:11 +0200] "POST /xmlrpc.php HTTP/2.0" 403 52 "-" "Mozilla/5.0 (Windows NT 10.0; Win64; x64) AppleWebKit/537.36 (KHTML, like Gecko) Chrome/124.0.0.0 Safari/537.36"
212.119.46.233 - - [07/Jun/2026:19:15:12 +0200] "GET /z0f76a1d14fd21a8fb5fd0d03e0fdc3d3cedae52f?wsidchk=9858458&pdata=https%253A%252F%252Fverona.elettroservicegroup.it%252Fwp-login.php&id=7fa3b767c460b54a2be4d49030b349c7&ts=1780852510 HTTP/2.0" 302 274 "https://verona.elettroservicegroup.it/wp-login.php" "Mozilla/5.0 (Macintosh; Intel Mac OS X 10_14_6) AppleWebKit/605.1.15 (KHTML, like Gecko) Version/15.6 Safari/605.1.15"
65.108.235.243 - - [07/Jun/2026:19:15:13 +0200] "GET / HTTP/1.1" 301 296 "-" "WP Fastest Cache Preload Bot"
65.108.235.243 - - [07/Jun/2026:19:15:13 +0200] "GET /index.php/ HTTP/1.1" 301 - "-" "WP Fastest Cache Preload Bot"
5.183.252.182 - - [07/Jun/2026:19:15:13 +0200] "POST /xmlrpc.php HTTP/1.1" 403 52 "-" "curl/7.88.1"
212.119.46.233 - - [07/Jun/2026:19:15:12 +0200] "GET /wp-login.php HTTP/2.0" 200 3124 "https://verona.elettroservicegroup.it/wp-login.php" "Mozilla/5.0 (Macintosh; Intel Mac OS X 10_14_6) AppleWebKit/605.1.15 (KHTML, like Gecko) Version/15.6 Safari/605.1.15"
78.186.24.241 - - [07/Jun/2026:19:15:14 +0200] "POST /xmlrpc.php HTTP/2.0" 403 52 "-" "Mozilla/5.0 (Macintosh; Intel Mac OS X 10_15_7) AppleWebKit/605.1.15 (KHTML, like Gecko) Version/18.0 Safari/605.1.15"
212.119.46.233 - - [07/Jun/2026:19:15:14 +0200] "GET /wp-includes/css/buttons.min.css?ver=7.0 HTTP/2.0" 200 1462 "https://verona.elettroservicegroup.it/wp-login.php" "Mozilla/5.0 (Macintosh; Intel Mac OS X 10_14_6) AppleWebKit/605.1.15 (KHTML, like Gecko) Version/15.6 Safari/605.1.15"
212.119.46.233 - - [07/Jun/2026:19:15:14 +0200] "GET /wp-admin/css/forms.min.css?ver=7.0 HTTP/2.0" 200 6492 "https://verona.elettroservicegroup.it/wp-login.php" "Mozilla/5.0 (Macintosh; Intel Mac OS X 10_14_6) AppleWebKit/605.1.15 (KHTML, like Gecko) Version/15.6 Safari/605.1.15"
212.119.46.233 - - [07/Jun/2026:19:15:14 +0200] "GET /wp-includes/css/dashicons.min.css?ver=7.0 HTTP/2.0" 200 35100 "https://verona.elettroservicegroup.it/wp-login.php" "Mozilla/5.0 (Macintosh; Intel Mac OS X 10_14_6) AppleWebKit/605.1.15 (KHTML, like Gecko) Version/15.6 Safari/605.1.15"
212.119.46.233 - - [07/Jun/2026:19:15:14 +0200] "GET /wp-admin/css/l10n.min.css?ver=7.0 HTTP/2.0" 200 677 "https://verona.elettroservicegroup.it/wp-login.php" "Mozilla/5.0 (Macintosh; Intel Mac OS X 10_14_6) AppleWebKit/605.1.15 (KHTML, like Gecko) Version/15.6 Safari/605.1.15"
212.119.46.233 - - [07/Jun/2026:19:15:14 +0200] "GET /wp-includes/css/dist/base-styles/admin-schemes.min.css?ver=7.0 HTTP/2.0" 200 726 "https://verona.elettroservicegroup.it/wp-login.php" "Mozilla/5.0 (Macintosh; Intel Mac OS X 10_14_6) AppleWebKit/605.1.15 (KHTML, like Gecko) Version/15.6 Safari/605.1.15"
212.119.46.233 - - [07/Jun/2026:19:15:14 +0200] "GET /wp-admin/css/login.min.css?ver=7.0 HTTP/2.0" 200 2020 "https://verona.elettroservicegroup.it/wp-login.php" "Mozilla/5.0 (Macintosh; Intel Mac OS X 10_14_6) AppleWebKit/605.1.15 (KHTML, like Gecko) Version/15.6 Safari/605.1.15"
212.119.46.233 - - [07/Jun/2026:19:15:14 +0200] "GET /wp-includes/js/clipboard.min.js?ver=2.0.11 HTTP/2.0" 200 2997 "https://verona.elettroservicegroup.it/wp-login.php" "Mozilla/5.0 (Macintosh; Intel Mac OS X 10_14_6) AppleWebKit/605.1.15 (KHTML, like Gecko) Version/15.6 Safari/605.1.15"
212.119.46.233 - - [07/Jun/2026:19:15:14 +0200] "GET /wp-includes/js/dist/i18n.min.js?ver=781d11515ad3d91786ec HTTP/2.0" 200 2333 "https://verona.elettroservicegroup.it/wp-login.php" "Mozilla/5.0 (Macintosh; Intel Mac OS X 10_14_6) AppleWebKit/605.1.15 (KHTML, like Gecko) Version/15.6 Safari/605.1.15"
212.119.46.233 - - [07/Jun/2026:19:15:14 +0200] "GET /wp-admin/js/user-profile.min.js?ver=7.0 HTTP/2.0" 200 2891 "https://verona.elettroservicegroup.it/wp-login.php" "Mozilla/5.0 (Macintosh; Intel Mac OS X 10_14_6) AppleWebKit/605.1.15 (KHTML, like Gecko) Version/15.6 Safari/605.1.15"
212.119.46.233 - - [07/Jun/2026:19:15:14 +0200] "GET /wp-includes/js/jquery/jquery-migrate.min.js?ver=3.4.1 HTTP/2.0" 200 4685 "https://verona.elettroservicegroup.it/wp-login.php" "Mozilla/5.0 (Macintosh; Intel Mac OS X 10_14_6) AppleWebKit/605.1.15 (KHTML, like Gecko) Version/15.6 Safari/605.1.15"
212.119.46.233 - - [07/Jun/2026:19:15:14 +0200] "GET /wp-includes/js/dist/hooks.min.js?ver=7496969728ca0f95732d HTTP/2.0" 200 1711 "https://verona.elettroservicegroup.it/wp-login.php" "Mozilla/5.0 (Macintosh; Intel Mac OS X 10_14_6) AppleWebKit/605.1.15 (KHTML, like Gecko) Version/15.6 Safari/605.1.15"
212.119.46.233 - - [07/Jun/2026:19:15:14 +0200] "GET /wp-includes/js/zxcvbn-async.min.js?ver=1.0 HTTP/2.0" 200 188 "https://verona.elettroservicegroup.it/wp-login.php" "Mozilla/5.0 (Macintosh; Intel Mac OS X 10_14_6) AppleWebKit/605.1.15 (KHTML, like Gecko) Version/15.6 Safari/605.1.15"
212.119.46.233 - - [07/Jun/2026:19:15:14 +0200] "GET /wp-admin/js/password-strength-meter.min.js?ver=7.0 HTTP/2.0" 200 560 "https://verona.elettroservicegroup.it/wp-login.php" "Mozilla/5.0 (Macintosh; Intel Mac OS X 10_14_6) AppleWebKit/605.1.15 (KHTML, like Gecko) Version/15.6 Safari/605.1.15"
212.119.46.233 - - [07/Jun/2026:19:15:14 +0200] "GET /wp-includes/js/dist/dom-ready.min.js?ver=a06281ae5cf5500e9317 HTTP/2.0" 200 398 "https://verona.elettroservicegroup.it/wp-login.php" "Mozilla/5.0 (Macintosh; Intel Mac OS X 10_14_6) AppleWebKit/605.1.15 (KHTML, like Gecko) Version/15.6 Safari/605.1.15"
212.119.46.233 - - [07/Jun/2026:19:15:14 +0200] "GET /wp-includes/js/wp-util.min.js?ver=7.0 HTTP/2.0" 200 693 "https://verona.elettroservicegroup.it/wp-login.php" "Mozilla/5.0 (Macintosh; Intel Mac OS X 10_14_6) AppleWebKit/605.1.15 (KHTML, like Gecko) Version/15.6 Safari/605.1.15"
212.119.46.233 - - [07/Jun/2026:19:15:14 +0200] "GET /wp-includes/js/dist/a11y.min.js?ver=af934e5259bc51b8718e HTTP/2.0" 200 915 "https://verona.elettroservicegroup.it/wp-login.php" "Mozilla/5.0 (Macintosh; Intel Mac OS X 10_14_6) AppleWebKit/605.1.15 (KHTML, like Gecko) Version/15.6 Safari/605.1.15"
212.119.46.233 - - [07/Jun/2026:19:15:14 +0200] "GET /wp-includes/js/underscore.min.js?ver=1.13.8 HTTP/2.0" 200 7243 "https://verona.elettroservicegroup.it/wp-login.php" "Mozilla/5.0 (Macintosh; Intel Mac OS X 10_14_6) AppleWebKit/605.1.15 (KHTML, like Gecko) Version/15.6 Safari/605.1.15"
212.119.46.233 - - [07/Jun/2026:19:15:14 +0200] "GET /wp-includes/js/jquery/jquery.min.js?ver=3.7.1 HTTP/2.0" 200 29769 "https://verona.elettroservicegroup.it/wp-login.php" "Mozilla/5.0 (Macintosh; Intel Mac OS X 10_14_6) AppleWebKit/605.1.15 (KHTML, like Gecko) Version/15.6 Safari/605.1.15"
83.142.52.85 - - [07/Jun/2026:19:15:15 +0200] "POST /xmlrpc.php HTTP/1.1" 403 52 "-" "curl/8.6.0"
5.183.252.182 - - [07/Jun/2026:19:15:15 +0200] "POST /xmlrpc.php HTTP/1.1" 403 52 "-" "Wget/1.21.4"
83.142.52.85 - - [07/Jun/2026:19:15:16 +0200] "POST /xmlrpc.php HTTP/1.1" 403 52 "-" "curl/7.88.1"
5.183.252.182 - - [07/Jun/2026:19:15:16 +0200] "POST /xmlrpc.php HTTP/1.1" 403 52 "-" "curl/7.88.1"
83.142.52.85 - - [07/Jun/2026:19:15:16 +0200] "POST /xmlrpc.php HTTP/1.1" 403 52 "-" "Wget/1.21.4"
112.198.132.172 - - [07/Jun/2026:19:15:16 +0200] "GET /wp-login.php HTTP/2.0" 200 3124 "-" "Mozilla/5.0 (Windows NT 10.0; Win64; x64) AppleWebKit/537.36 (KHTML, like Gecko) Chrome/124.0.0.0 Safari/537.36"
83.142.52.85 - - [07/Jun/2026:19:15:17 +0200] "GET /wp-login.php HTTP/1.1" 200 3478 "-" "Wget/1.21.4"
112.198.132.172 - - [07/Jun/2026:19:15:17 +0200] "POST /wp-login.php HTTP/2.0" 200 3247 "https://verona.elettroservicegroup.it/wp-login.php" "Mozilla/5.0 (Windows NT 10.0; Win64; x64) AppleWebKit/537.36 (KHTML, like Gecko) Chrome/124.0.0.0 Safari/537.36"
5.183.252.182 - - [07/Jun/2026:19:15:18 +0200] "GET /wp-login.php HTTP/1.1" 200 3478 "-" "curl/7.88.1"
83.142.52.85 - - [07/Jun/2026:19:15:20 +0200] "POST /wp-login.php HTTP/1.1" 200 3615 "https://verona.elettroservicegroup.it/wp-login.php" "Wget/1.21.4"
5.183.252.182 - - [07/Jun/2026:19:15:21 +0200] "POST /wp-login.php HTTP/1.1" 302 - "https://verona.elettroservicegroup.it/wp-login.php" "Wget/1.21.4"
65.108.235.243 - - [07/Jun/2026:19:15:25 +0200] "GET /?complianz_scan_token=c786f6e178&complianz_id=home HTTP/1.1" 301 350 "-" "WordPress/7.0; https://verona.elettroservicegroup.it"
65.108.235.243 - - [07/Jun/2026:19:15:25 +0200] "GET /index.php/?complianz_scan_token=c786f6e178&complianz_id=home HTTP/1.1" 301 - "-" "WordPress/7.0; https://verona.elettroservicegroup.it"
65.108.235.243 - - [07/Jun/2026:19:15:28 +0200] "POST /wp-cron.php?doing_wp_cron=1780852528.7839539051055908203125 HTTP/1.1" 200 1 "-" "WordPress/7.0; https://verona.elettroservicegroup.it"
5.183.252.182 - - [07/Jun/2026:19:15:27 +0200] "GET /wp-admin/plugins.php HTTP/1.1" 200 71650 "-" "curl/8.6.0"
65.108.235.243 - - [07/Jun/2026:19:15:30 +0200] "POST /wp-cron.php?doing_wp_cron=1780852530.8343698978424072265625 HTTP/1.1" 200 1 "-" "WordPress/7.0; https://verona.elettroservicegroup.it"
5.183.252.182 - - [07/Jun/2026:19:15:23 +0200] "GET /wp-admin/ HTTP/1.1" 200 92039 "https://verona.elettroservicegroup.it/wp-login.php" "Wget/1.21.4"
5.183.252.182 - - [07/Jun/2026:19:15:31 +0200] "HEAD /wp-admin/ HTTP/1.1" 302 - "-" "curl/7.88.1"
5.183.252.182 - - [07/Jun/2026:19:15:32 +0200] "HEAD /wp-login.php?redirect_to=https%3A%2F%2Fverona.elettroservicegroup.it%2Fwp-admin%2F&reauth=1 HTTP/1.1" 200 - "https://verona.elettroservicegroup.it/wp-admin/" "curl/7.88.1"
5.183.252.182 - - [07/Jun/2026:19:15:34 +0200] "GET /wp-admin/admin.php?page=wc-orders HTTP/1.1" 403 2569 "-" "Wget/1.21.4"
5.183.252.182 - - [07/Jun/2026:19:15:34 +0200] "GET /wp-admin/edit.php?post_type=shop_order HTTP/1.1" 500 2562 "-" "curl/8.6.0"
5.183.252.182 - - [07/Jun/2026:19:15:37 +0200] "GET /wp-admin/admin.php?page=wc-reports&range=year HTTP/1.1" 403 2569 "-" "curl/7.88.1"
5.183.252.182 - - [07/Jun/2026:19:15:39 +0200] "GET /wp-admin/admin.php?page=wc-reports&range=last_month HTTP/1.1" 403 2569 "-" "curl/8.6.0"
5.183.252.182 - - [07/Jun/2026:19:15:40 +0200] "GET /wp-admin/admin.php?page=wc-reports&range=month HTTP/1.1" 403 2569 "-" "Wget/1.21.4"
5.183.252.182 - - [07/Jun/2026:19:15:42 +0200] "GET /wp-login.php HTTP/1.1" 200 3478 "-" "Wget/1.21.4"
5.183.252.182 - - [07/Jun/2026:19:15:43 +0200] "POST /wp-login.php HTTP/1.1" 302 - "https://verona.elettroservicegroup.it/wp-login.php" "curl/8.6.0"
5.183.252.182 - - [07/Jun/2026:19:15:45 +0200] "GET /wp-admin/ HTTP/1.1" 200 91966 "https://verona.elettroservicegroup.it/wp-login.php" "curl/8.6.0"
5.183.252.182 - - [07/Jun/2026:19:15:47 +0200] "GET /wp-admin/admin.php?page=wc-orders HTTP/1.1" 403 2569 "-" "curl/7.88.1"
5.183.252.182 - - [07/Jun/2026:19:15:47 +0200] "GET /wp-admin/edit.php?post_type=shop_order HTTP/1.1" 500 2562 "-" "curl/7.88.1"
5.183.252.182 - - [07/Jun/2026:19:15:50 +0200] "GET /wp-admin/admin.php?page=wc-reports&range=year HTTP/1.1" 403 2569 "-" "curl/8.6.0"
5.183.252.182 - - [07/Jun/2026:19:15:52 +0200] "GET /wp-admin/admin.php?page=wc-reports&range=last_month HTTP/1.1" 403 2569 "-" "curl/8.6.0"
5.183.252.182 - - [07/Jun/2026:19:15:54 +0200] "GET /wp-admin/admin.php?page=wc-reports&range=month HTTP/1.1" 403 2569 "-" "curl/8.6.0"
5.183.252.182 - - [07/Jun/2026:19:15:56 +0200] "HEAD /wp-admin/ HTTP/1.1" 302 - "-" "curl/8.6.0"
5.183.252.182 - - [07/Jun/2026:19:15:57 +0200] "HEAD /wp-login.php?redirect_to=https%3A%2F%2Fverona.elettroservicegroup.it%2Fwp-admin%2F&reauth=1 HTTP/1.1" 200 - "https://verona.elettroservicegroup.it/wp-admin/" "curl/8.6.0"
5.183.252.182 - - [07/Jun/2026:19:15:59 +0200] "GET /wp-admin/admin.php?page=wc-orders HTTP/1.1" 403 2569 "-" "Wget/1.21.4"
5.183.252.182 - - [07/Jun/2026:19:15:59 +0200] "GET /wp-admin/edit.php?post_type=shop_order HTTP/1.1" 500 2562 "-" "Wget/1.21.4"
5.183.252.182 - - [07/Jun/2026:19:16:00 +0200] "GET /wp-admin/admin.php?page=wc-reports&range=year HTTP/1.1" 403 2569 "-" "Wget/1.21.4"
5.183.252.182 - - [07/Jun/2026:19:16:02 +0200] "GET /wp-admin/admin.php?page=wc-reports&range=last_month HTTP/1.1" 403 2569 "-" "curl/8.6.0"
65.108.235.243 - - [07/Jun/2026:19:15:25 +0200] "POST /wp-admin/admin-ajax.php?action=as_async_request_queue_runner&nonce=bf23de9392 HTTP/1.1" 200 1 "-" "WordPress/7.0; https://verona.elettroservicegroup.it"
5.183.252.182 - - [07/Jun/2026:19:16:04 +0200] "GET /wp-admin/admin.php?page=wc-reports&range=month HTTP/1.1" 403 2569 "-" "Wget/1.21.4"
5.183.252.182 - - [07/Jun/2026:19:16:07 +0200] "GET /wp-login.php HTTP/1.1" 200 3478 "-" "Wget/1.21.4"
5.183.252.182 - - [07/Jun/2026:19:16:08 +0200] "POST /wp-login.php HTTP/1.1" 302 - "https://verona.elettroservicegroup.it/wp-login.php" "curl/8.6.0"
5.183.252.182 - - [07/Jun/2026:19:16:10 +0200] "GET /wp-admin/ HTTP/1.1" 200 91971 "https://verona.elettroservicegroup.it/wp-login.php" "curl/8.6.0"
5.183.252.182 - - [07/Jun/2026:19:16:12 +0200] "GET /wp-admin/edit.php?post_type=shop_order HTTP/1.1" 500 2562 "-" "Wget/1.21.4"
5.183.252.182 - - [07/Jun/2026:19:16:12 +0200] "GET /wp-admin/admin.php?page=wc-orders HTTP/1.1" 403 2569 "-" "Wget/1.21.4"
5.183.252.182 - - [07/Jun/2026:19:16:13 +0200] "GET /wp-admin/admin.php?page=wc-reports&range=year HTTP/1.1" 403 2569 "-" "Wget/1.21.4"
5.183.252.182 - - [07/Jun/2026:19:16:15 +0200] "GET /wp-admin/admin.php?page=wc-reports&range=last_month HTTP/1.1" 403 2569 "-" "curl/7.88.1"
5.183.252.182 - - [07/Jun/2026:19:16:17 +0200] "GET /wp-admin/admin.php?page=wc-reports&range=month HTTP/1.1" 403 2569 "-" "Wget/1.21.4"
5.183.252.182 - - [07/Jun/2026:19:16:19 +0200] "HEAD /wp-admin/ HTTP/1.1" 302 - "-" "curl/8.6.0"
5.183.252.182 - - [07/Jun/2026:19:16:21 +0200] "HEAD /wp-login.php?redirect_to=https%3A%2F%2Fverona.elettroservicegroup.it%2Fwp-admin%2F&reauth=1 HTTP/1.1" 200 - "https://verona.elettroservicegroup.it/wp-admin/" "curl/8.6.0"
5.183.252.182 - - [07/Jun/2026:19:16:23 +0200] "GET /wp-admin/admin.php?page=wc-orders HTTP/1.1" 403 2569 "-" "Wget/1.21.4"
5.183.252.182 - - [07/Jun/2026:19:16:23 +0200] "GET /wp-admin/edit.php?post_type=shop_order HTTP/1.1" 500 2562 "-" "Wget/1.21.4"
5.183.252.182 - - [07/Jun/2026:19:16:25 +0200] "GET /wp-admin/admin.php?page=wc-reports&range=year HTTP/1.1" 403 2569 "-" "curl/8.6.0"
65.108.235.243 - - [07/Jun/2026:19:15:57 +0200] "POST /wp-admin/admin-ajax.php?action=as_async_request_queue_runner&nonce=bf23de9392 HTTP/1.1" 200 1 "-" "WordPress/7.0; https://verona.elettroservicegroup.it"
65.108.235.243 - - [07/Jun/2026:19:16:32 +0200] "POST /wp-cron.php?doing_wp_cron=1780852592.7540140151977539062500 HTTP/1.1" 200 1 "-" "WordPress/7.0; https://verona.elettroservicegroup.it"
5.183.252.182 - - [07/Jun/2026:19:16:27 +0200] "GET /wp-admin/admin.php?page=wc-reports&range=last_month HTTP/1.1" 403 2569 "-" "Wget/1.21.4"
5.183.252.182 - - [07/Jun/2026:19:16:34 +0200] "GET /wp-admin/admin.php?page=wc-reports&range=month HTTP/1.1" 403 2569 "-" "curl/8.6.0"
5.183.252.182 - - [07/Jun/2026:19:16:36 +0200] "GET /wp-login.php HTTP/1.1" 200 3478 "-" "Wget/1.21.4"
5.183.252.182 - - [07/Jun/2026:19:16:38 +0200] "POST /wp-login.php HTTP/1.1" 302 - "https://verona.elettroservicegroup.it/wp-login.php" "curl/7.88.1"
5.183.252.182 - - [07/Jun/2026:19:16:41 +0200] "GET /wp-admin/ HTTP/1.1" 200 91968 "https://verona.elettroservicegroup.it/wp-login.php" "curl/7.88.1"
5.183.252.182 - - [07/Jun/2026:19:16:43 +0200] "GET /wp-admin/edit.php?post_type=shop_order HTTP/1.1" 500 2562 "-" "curl/7.88.1"
5.183.252.182 - - [07/Jun/2026:19:16:43 +0200] "GET /wp-admin/admin.php?page=wc-orders HTTP/1.1" 403 2569 "-" "curl/7.88.1"
5.183.252.182 - - [07/Jun/2026:19:16:45 +0200] "GET /wp-admin/admin.php?page=wc-reports&range=year HTTP/1.1" 403 2569 "-" "Wget/1.21.4"
5.183.252.182 - - [07/Jun/2026:19:16:47 +0200] "GET /wp-admin/admin.php?page=wc-reports&range=last_month HTTP/1.1" 403 2569 "-" "curl/8.6.0"
5.183.252.182 - - [07/Jun/2026:19:16:49 +0200] "GET /wp-admin/admin.php?page=wc-reports&range=month HTTP/1.1" 403 2569 "-" "Wget/1.21.4"
5.183.252.182 - - [07/Jun/2026:19:16:52 +0200] "HEAD /wp-admin/ HTTP/1.1" 302 - "-" "Wget/1.21.4"
5.183.252.182 - - [07/Jun/2026:19:16:54 +0200] "HEAD /wp-login.php?redirect_to=https%3A%2F%2Fverona.elettroservicegroup.it%2Fwp-admin%2F&reauth=1 HTTP/1.1" 200 - "https://verona.elettroservicegroup.it/wp-admin/" "Wget/1.21.4"
65.108.235.243 - - [07/Jun/2026:19:16:27 +0200] "POST /wp-admin/admin-ajax.php?action=as_async_request_queue_runner&nonce=bf23de9392 HTTP/1.1" 200 1 "-" "WordPress/7.0; https://verona.elettroservicegroup.it"
5.183.252.182 - - [07/Jun/2026:19:16:56 +0200] "GET /wp-admin/admin.php?page=wc-orders HTTP/1.1" 403 2569 "-" "curl/8.6.0"
5.183.252.182 - - [07/Jun/2026:19:16:56 +0200] "GET /wp-admin/edit.php?post_type=shop_order HTTP/1.1" 500 2562 "-" "curl/8.6.0"
5.183.252.182 - - [07/Jun/2026:19:16:59 +0200] "GET /wp-admin/admin.php?page=wc-reports&range=year HTTP/1.1" 403 2569 "-" "curl/8.6.0"
65.108.235.243 - - [07/Jun/2026:19:17:02 +0200] "POST /wp-cron.php?doing_wp_cron=1780852622.7799339294433593750000 HTTP/1.1" 200 1 "-" "WordPress/7.0; https://verona.elettroservicegroup.it"
5.183.252.182 - - [07/Jun/2026:19:17:01 +0200] "GET /wp-admin/admin.php?page=wc-reports&range=last_month HTTP/1.1" 403 2569 "-" "curl/8.6.0"
5.183.252.182 - - [07/Jun/2026:19:17:04 +0200] "GET /wp-admin/admin.php?page=wc-reports&range=month HTTP/1.1" 403 2569 "-" "curl/8.6.0"
5.183.252.182 - - [07/Jun/2026:19:17:06 +0200] "GET /wp-login.php HTTP/1.1" 200 3478 "-" "curl/8.6.0"
5.183.252.182 - - [07/Jun/2026:19:17:08 +0200] "POST /wp-login.php HTTP/1.1" 302 - "https://verona.elettroservicegroup.it/wp-login.php" "curl/8.6.0"
5.183.252.182 - - [07/Jun/2026:19:17:11 +0200] "GET /wp-admin/ HTTP/1.1" 200 91760 "https://verona.elettroservicegroup.it/wp-login.php" "curl/8.6.0"
5.183.252.182 - - [07/Jun/2026:19:17:14 +0200] "GET /wp-admin/admin.php?page=wc-orders HTTP/1.1" 403 2569 "-" "curl/8.6.0"
5.183.252.182 - - [07/Jun/2026:19:17:14 +0200] "GET /wp-admin/edit.php?post_type=shop_order HTTP/1.1" 500 2562 "-" "curl/8.6.0"
5.183.252.182 - - [07/Jun/2026:19:17:16 +0200] "GET /wp-admin/admin.php?page=wc-reports&range=year HTTP/1.1" 403 2569 "-" "Wget/1.21.4"
5.183.252.182 - - [07/Jun/2026:19:17:18 +0200] "GET /wp-admin/admin.php?page=wc-reports&range=last_month HTTP/1.1" 403 2569 "-" "curl/8.6.0"
5.183.252.182 - - [07/Jun/2026:19:17:20 +0200] "GET /wp-admin/admin.php?page=wc-reports&range=month HTTP/1.1" 403 2569 "-" "curl/7.88.1"
77.243.91.219 - - [07/Jun/2026:19:17:24 +0200] "GET /wp-login.php HTTP/2.0" 200 11745 "-" "Mozilla/5.0 (Windows NT 10.0; Win64; x64) AppleWebKit/537.36 (KHTML, like Gecko) HeadlessChrome/136.0.7103.25 Safari/537.36"
77.243.91.219 - - [07/Jun/2026:19:17:25 +0200] "GET /z0f76a1d14fd21a8fb5fd0d03e0fdc3d3cedae52f?id=a6105c0a611b41b08f1209506350279e&ts=1780852644&wsidchk=6853732&pdata=https%253A%252F%252Fverona.elettroservicegroup.it%252Fwp-login.php&failedChecks=userAgentCheck&failedChecks=appVersionCheck HTTP/2.0" 301 - "https://verona.elettroservicegroup.it/wp-login.php" "Mozilla/5.0 (Windows NT 10.0; Win64; x64) AppleWebKit/537.36 (KHTML, like Gecko) HeadlessChrome/136.0.7103.25 Safari/537.36"
142.147.191.91 - - [07/Jun/2026:19:20:22 +0200] "GET /index.php/?h=11278476681100 HTTP/2.0" 301 - "-" "Mozilla/5.0 (Macintosh; Intel Mac OS X 10_15_7) AppleWebKit/537.36 (KHTML, like Gecko) Chrome/142.0.0.0 Safari/537.36"
66.249.64.12 - - [07/Jun/2026:19:20:29 +0200] "GET /?h=27472510401100 HTTP/1.1" 301 313 "-" "Mozilla/5.0 (Linux; Android 6.0.1; Nexus 5X Build/MMB29P) AppleWebKit/537.36 (KHTML, like Gecko) Chrome/148.0.7778.96 Mobile Safari/537.36 (compatible; Googlebot/2.1; +http://www.google.com/bot.html)"
66.249.64.11 - - [07/Jun/2026:19:20:29 +0200] "GET /index.php/?h=27472510401100 HTTP/1.1" 301 - "-" "Mozilla/5.0 (Linux; Android 6.0.1; Nexus 5X Build/MMB29P) AppleWebKit/537.36 (KHTML, like Gecko) Chrome/148.0.7778.96 Mobile Safari/537.36 (compatible; Googlebot/2.1; +http://www.google.com/bot.html)"
84.37.231.32 - - [07/Jun/2026:19:26:17 +0200] "GET /index.php/?h=34903923681100 HTTP/2.0" 301 - "-" "Mozilla/5.0 (Macintosh; Intel Mac OS X 10_15_7) AppleWebKit/537.36 (KHTML, like Gecko) Chrome/142.0.0.0 Safari/537.36"
66.249.64.10 - - [07/Jun/2026:19:28:58 +0200] "GET /shop/sold?id=top32441810361100 HTTP/1.1" 301 317 "-" "Mozilla/5.0 (Linux; Android 6.0.1; Nexus 5X Build/MMB29P) AppleWebKit/537.36 (KHTML, like Gecko) Chrome/148.0.7778.96 Mobile Safari/537.36 (compatible; Googlebot/2.1; +http://www.google.com/bot.html)"
66.249.64.12 - - [07/Jun/2026:19:28:59 +0200] "GET /index.php/?id=top32441810361100 HTTP/1.1" 301 - "-" "Mozilla/5.0 (Linux; Android 6.0.1; Nexus 5X Build/MMB29P) AppleWebKit/537.36 (KHTML, like Gecko) Chrome/148.0.7778.96 Mobile Safari/537.36 (compatible; Googlebot/2.1; +http://www.google.com/bot.html)"
66.249.64.10 - - [07/Jun/2026:19:32:06 +0200] "GET /product/category/view_more/19491429401100 HTTP/1.1" 301 296 "-" "Mozilla/5.0 (Linux; Android 6.0.1; Nexus 5X Build/MMB29P) AppleWebKit/537.36 (KHTML, like Gecko) Chrome/148.0.7778.96 Mobile Safari/537.36 (compatible; Googlebot/2.1; +http://www.google.com/bot.html)"
172.121.211.93 - - [07/Jun/2026:19:35:35 +0200] "GET /index.php/?h=34100481681100 HTTP/2.0" 301 - "-" "Mozilla/5.0 (Macintosh; Intel Mac OS X 10_15_7) AppleWebKit/537.36 (KHTML, like Gecko) Chrome/142.0.0.0 Safari/537.36"
50.114.44.64 - - [07/Jun/2026:19:38:34 +0200] "GET /index.php/?h=1686349001100 HTTP/2.0" 301 - "-" "Mozilla/5.0 (Macintosh; Intel Mac OS X 10_15_7) AppleWebKit/537.36 (KHTML, like Gecko) Chrome/142.0.0.0 Safari/537.36"
36.230.244.161 - - [07/Jun/2026:19:39:55 +0200] "GET /18486-2/ HTTP/1.1" 301 296 "https://verona.elettroservicegroup.it/18486-2/" "Mozilla/5.0 (Windows NT 6.1; WOW64) AppleWebKit/537.36 (KHTML, like Gecko) Chrome/31.0.9620.409 Safari/537.36"
36.230.244.161 - - [07/Jun/2026:19:39:55 +0200] "GET /index.php/ HTTP/1.1" 301 - "https://verona.elettroservicegroup.it/18486-2/" "Mozilla/5.0 (Windows NT 6.1; WOW64) AppleWebKit/537.36 (KHTML, like Gecko) Chrome/31.0.9620.409 Safari/537.36"
66.249.64.11 - - [07/Jun/2026:19:39:55 +0200] "GET /?h=42597108361100 HTTP/1.1" 301 313 "-" "Mozilla/5.0 (Linux; Android 6.0.1; Nexus 5X Build/MMB29P) AppleWebKit/537.36 (KHTML, like Gecko) Chrome/148.0.7778.96 Mobile Safari/537.36 (compatible; Googlebot/2.1; +http://www.google.com/bot.html)"
66.249.64.10 - - [07/Jun/2026:19:39:56 +0200] "GET /index.php/?h=42597108361100 HTTP/1.1" 301 - "-" "Mozilla/5.0 (Linux; Android 6.0.1; Nexus 5X Build/MMB29P) AppleWebKit/537.36 (KHTML, like Gecko) Chrome/148.0.7778.96 Mobile Safari/537.36 (compatible; Googlebot/2.1; +http://www.google.com/bot.html)"
66.249.64.12 - - [07/Jun/2026:19:39:56 +0200] "GET /?h=37798314161100 HTTP/1.1" 301 313 "-" "Mozilla/5.0 (Linux; Android 6.0.1; Nexus 5X Build/MMB29P) AppleWebKit/537.36 (KHTML, like Gecko) Chrome/148.0.7778.96 Mobile Safari/537.36 (compatible; Googlebot/2.1; +http://www.google.com/bot.html)"
66.249.64.10 - - [07/Jun/2026:19:39:56 +0200] "GET /index.php/?h=37798314161100 HTTP/1.1" 301 - "-" "Mozilla/5.0 (Linux; Android 6.0.1; Nexus 5X Build/MMB29P) AppleWebKit/537.36 (KHTML, like Gecko) Chrome/148.0.7778.96 Mobile Safari/537.36 (compatible; Googlebot/2.1; +http://www.google.com/bot.html)"
20.215.214.30 - - [07/Jun/2026:19:44:29 +0200] "GET /?h=1419221321100 HTTP/2.0" 301 312 "-" "Mozilla/5.0 AppleWebKit/537.36 (KHTML, like Gecko); compatible; ChatGPT-User/1.0; +https://openai.com/bot"
20.215.214.20 - - [07/Jun/2026:19:44:29 +0200] "GET /index.php/?h=1419221321100 HTTP/2.0" 301 - "-" "Mozilla/5.0 AppleWebKit/537.36 (KHTML, like Gecko); compatible; ChatGPT-User/1.0; +https://openai.com/bot"
74.7.242.175 - - [07/Jun/2026:19:44:56 +0200] "GET /?h=1419221321100 HTTP/2.0" 301 - "-" "Mozilla/5.0 (Macintosh; Intel Mac OS X 10_15_7) AppleWebKit/537.36 (KHTML, like Gecko) Chrome/131.0.0.0 Safari/537.36; compatible; OAI-SearchBot/1.4; +https://openai.com/searchbot"
104.253.179.254 - - [07/Jun/2026:19:45:10 +0200] "GET /index.php/?id=1280614521100 HTTP/2.0" 301 - "-" "Mozilla/5.0 (Macintosh; Intel Mac OS X 10_15_7) AppleWebKit/537.36 (KHTML, like Gecko) Chrome/142.0.0.0 Safari/537.36"
65.108.235.243 - - [07/Jun/2026:19:46:47 +0200] "POST /wp-cron.php?doing_wp_cron=1780854407.7963490486145019531250 HTTP/1.1" 200 1 "-" "WordPress/7.0; https://verona.elettroservicegroup.it"
45.3.46.36 - - [07/Jun/2026:19:46:41 +0200] "GET /wp-login.php HTTP/1.1" 200 10943 "https://verona.elettroservicegroup.it/wp-login.php" "Opera/9.80 (Windows NT 6.1; MRA 8.1 (build 6277)) Presto/2.12.388 Version/12.16"
45.3.46.36 - - [07/Jun/2026:19:46:50 +0200] "POST /wp-login.php HTTP/1.1" 302 - "https://verona.elettroservicegroup.it/wp-login.php" "Opera/9.80 (Windows NT 6.1; MRA 8.1 (build 6277)) Presto/2.12.388 Version/12.16"
45.3.46.36 - - [07/Jun/2026:19:46:52 +0200] "GET /wp-admin/ HTTP/1.1" 200 347999 "https://verona.elettroservicegroup.it/wp-login.php" "Opera/9.80 (Windows NT 6.1; MRA 8.1 (build 6277)) Presto/2.12.388 Version/12.16"
65.108.235.243 - - [07/Jun/2026:19:47:02 +0200] "POST /wp-cron.php?doing_wp_cron=1780854422.2092809677124023437500 HTTP/1.1" 200 1 "-" "WordPress/7.0; https://verona.elettroservicegroup.it"
45.3.46.36 - - [07/Jun/2026:19:46:59 +0200] "GET /wp-admin/plugins.php HTTP/1.1" 200 330685 "https://verona.elettroservicegroup.it/wp-admin/plugins.php" "Opera/9.80 (Windows NT 6.1; MRA 8.1 (build 6277)) Presto/2.12.388 Version/12.16"
45.3.46.36 - - [07/Jun/2026:19:47:04 +0200] "GET /wp-admin/plugin-editor.php?file=analytics%2D1780325109%2Fads%2Dtxt.php HTTP/1.1" 200 258703 "https://verona.elettroservicegroup.it/wp-admin/plugin-editor.php?file=analytics%2D1780325109%2Fads%2Dtxt.php" "Opera/9.80 (Windows NT 6.1; MRA 8.1 (build 6277)) Presto/2.12.388 Version/12.16"
45.3.46.36 - - [07/Jun/2026:19:47:10 +0200] "POST /wp-admin/plugin-editor.php?file=analytics%2D1780325109%2Fads%2Dtxt.php HTTP/1.1" 302 - "https://verona.elettroservicegroup.it/wp-admin/plugin-editor.php?file=analytics%2D1780325109%2Fads%2Dtxt.php" "Opera/9.80 (Windows NT 6.1; MRA 8.1 (build 6277)) Presto/2.12.388 Version/12.16"
45.3.46.36 - - [07/Jun/2026:19:47:12 +0200] "GET /wp-admin/plugin-editor.php?a=1&plugin=analytics-1780325109/ads-txt.php&file=analytics-1780325109/ads-txt.php HTTP/1.1" 200 261766 "https://verona.elettroservicegroup.it/wp-admin/plugin-editor.php?file=analytics%2D1780325109%2Fads%2Dtxt.php" "Opera/9.80 (Windows NT 6.1; MRA 8.1 (build 6277)) Presto/2.12.388 Version/12.16"
45.3.46.36 - - [07/Jun/2026:19:47:15 +0200] "GET /wp-content/plugins/analytics-1780325109/ads-txt.php HTTP/1.1" 200 32 "https://verona.elettroservicegroup.it/wp-content/plugins/analytics-1780325109/ads-txt.php" "Opera/9.80 (Windows NT 6.1; MRA 8.1 (build 6277)) Presto/2.12.388 Version/12.1659500997"
20.215.220.200 - - [07/Jun/2026:19:50:19 +0200] "GET /?h=1243016121100 HTTP/2.0" 301 312 "-" "Mozilla/5.0 AppleWebKit/537.36 (KHTML, like Gecko); compatible; ChatGPT-User/1.0; +https://openai.com/bot"
20.215.220.200 - - [07/Jun/2026:19:50:19 +0200] "GET /index.php/?h=1243016121100 HTTP/2.0" 301 - "-" "Mozilla/5.0 AppleWebKit/537.36 (KHTML, like Gecko); compatible; ChatGPT-User/1.0; +https://openai.com/bot"
74.7.229.147 - - [07/Jun/2026:19:50:44 +0200] "GET /?h=1243016121100 HTTP/2.0" 301 312 "-" "Mozilla/5.0 (Macintosh; Intel Mac OS X 10_15_7) AppleWebKit/537.36 (KHTML, like Gecko) Chrome/131.0.0.0 Safari/537.36; compatible; OAI-SearchBot/1.4; +https://openai.com/searchbot"
74.7.229.147 - - [07/Jun/2026:19:50:44 +0200] "GET /index.php/?h=1243016121100 HTTP/2.0" 301 - "https://verona.elettroservicegroup.it/?h=1243016121100" "Mozilla/5.0 (Macintosh; Intel Mac OS X 10_15_7) AppleWebKit/537.36 (KHTML, like Gecko) Chrome/131.0.0.0 Safari/537.36; compatible; OAI-SearchBot/1.4; +https://openai.com/searchbot"
68.167.134.138 - - [07/Jun/2026:19:51:07 +0200] "GET /index.php/?h=7034079841100 HTTP/2.0" 301 - "-" "Mozilla/5.0 (Macintosh; Intel Mac OS X 10_15_7) AppleWebKit/537.36 (KHTML, like Gecko) Chrome/142.0.0.0 Safari/537.36"
66.249.64.11 - - [07/Jun/2026:19:51:34 +0200] "GET /?h=1808185721100 HTTP/1.1" 301 312 "-" "Mozilla/5.0 (Linux; Android 6.0.1; Nexus 5X Build/MMB29P) AppleWebKit/537.36 (KHTML, like Gecko) Chrome/148.0.7778.96 Mobile Safari/537.36 (compatible; Googlebot/2.1; +http://www.google.com/bot.html)"
66.249.64.12 - - [07/Jun/2026:19:51:34 +0200] "GET /index.php/?h=1808185721100 HTTP/1.1" 301 - "-" "Mozilla/5.0 (Linux; Android 6.0.1; Nexus 5X Build/MMB29P) AppleWebKit/537.36 (KHTML, like Gecko) Chrome/148.0.7778.96 Mobile Safari/537.36 (compatible; Googlebot/2.1; +http://www.google.com/bot.html)"
66.249.88.198 - - [07/Jun/2026:19:59:26 +0200] "GET /.well-known/traffic-advice HTTP/1.1" 301 296 "-" "Chrome Privacy Preserving Prefetch Proxy"
162.120.186.167 - - [07/Jun/2026:19:59:26 +0200] "GET /?h=14981381961100 HTTP/2.0" 301 313 "https://www.google.com/" "Mozilla/5.0 (Windows NT 10.0; Win64; x64) AppleWebKit/537.36 (KHTML, like Gecko) Chrome/148.0.0.0 Safari/537.36"
162.120.186.167 - - [07/Jun/2026:19:59:26 +0200] "GET /index.php/?h=14981381961100 HTTP/2.0" 301 - "https://www.google.com/" "Mozilla/5.0 (Windows NT 10.0; Win64; x64) AppleWebKit/537.36 (KHTML, like Gecko) Chrome/148.0.0.0 Safari/537.36"
66.249.64.12 - - [07/Jun/2026:19:59:44 +0200] "GET /shop/sold?id=top25740611721100 HTTP/1.1" 301 317 "-" "Mozilla/5.0 (Linux; Android 6.0.1; Nexus 5X Build/MMB29P) AppleWebKit/537.36 (KHTML, like Gecko) Chrome/148.0.7778.96 Mobile Safari/537.36 (compatible; Googlebot/2.1; +http://www.google.com/bot.html)"
66.249.64.11 - - [07/Jun/2026:19:59:44 +0200] "GET /index.php/?id=top25740611721100 HTTP/1.1" 301 - "-" "Mozilla/5.0 (Linux; Android 6.0.1; Nexus 5X Build/MMB29P) AppleWebKit/537.36 (KHTML, like Gecko) Chrome/148.0.7778.96 Mobile Safari/537.36 (compatible; Googlebot/2.1; +http://www.google.com/bot.html)"
66.249.64.11 - - [07/Jun/2026:19:59:53 +0200] "GET /?h=3926885401100 HTTP/1.1" 301 312 "-" "Mozilla/5.0 (Linux; Android 6.0.1; Nexus 5X Build/MMB29P) AppleWebKit/537.36 (KHTML, like Gecko) Chrome/148.0.7778.96 Mobile Safari/537.36 (compatible; Googlebot/2.1; +http://www.google.com/bot.html)"
66.249.64.11 - - [07/Jun/2026:19:59:53 +0200] "GET /index.php/?h=3926885401100 HTTP/1.1" 301 - "-" "Mozilla/5.0 (Linux; Android 6.0.1; Nexus 5X Build/MMB29P) AppleWebKit/537.36 (KHTML, like Gecko) Chrome/148.0.7778.96 Mobile Safari/537.36 (compatible; Googlebot/2.1; +http://www.google.com/bot.html)"
65.108.235.243 - - [07/Jun/2026:20:00:17 +0200] "POST /wp-cron.php?doing_wp_cron=1780855217.0965859889984130859375 HTTP/1.1" 200 1 "-" "WordPress/7.0; https://verona.elettroservicegroup.it"
209.50.179.13 - - [07/Jun/2026:20:00:14 +0200] "GET /wp-login.php HTTP/1.1" 200 3478 "-" "Mozilla/5.0 (Windows NT 10.0; Win64; x64) AppleWebKit/537.36 (KHTML, like Gecko) Chrome/143.0.0.0 Safari/537.36"
65.108.235.243 - - [07/Jun/2026:20:00:17 +0200] "POST /wp-cron.php?doing_wp_cron=1780855217.0966410636901855468750 HTTP/1.1" 200 1 "-" "WordPress/7.0; https://verona.elettroservicegroup.it"
65.111.7.159 - - [07/Jun/2026:20:00:14 +0200] "GET /wp-login.php HTTP/1.1" 200 3478 "-" "Mozilla/5.0 (Windows NT 10.0; Win64; x64) AppleWebKit/537.36 (KHTML, like Gecko) Chrome/143.0.0.0 Safari/537.36"
65.111.7.159 - - [07/Jun/2026:20:00:17 +0200] "POST /wp-login.php HTTP/1.1" 302 - "https://verona.elettroservicegroup.it/wp-login.php" "Mozilla/5.0 (Windows NT 10.0; Win64; x64) AppleWebKit/537.36 (KHTML, like Gecko) Chrome/143.0.0.0 Safari/537.36"
209.50.179.13 - - [07/Jun/2026:20:00:17 +0200] "POST /wp-login.php HTTP/1.1" 200 3623 "https://verona.elettroservicegroup.it/wp-login.php" "Mozilla/5.0 (Windows NT 10.0; Win64; x64) AppleWebKit/537.36 (KHTML, like Gecko) Chrome/143.0.0.0 Safari/537.36"
45.3.32.9 - - [07/Jun/2026:20:00:20 +0200] "GET /wp-login.php HTTP/1.1" 200 3478 "-" "Mozilla/5.0 (Windows NT 10.0; Win64; x64) AppleWebKit/537.36 (KHTML, like Gecko) Chrome/143.0.0.0 Safari/537.36"
45.3.32.9 - - [07/Jun/2026:20:00:21 +0200] "POST /wp-login.php HTTP/1.1" 200 3623 "https://verona.elettroservicegroup.it/wp-login.php" "Mozilla/5.0 (Windows NT 10.0; Win64; x64) AppleWebKit/537.36 (KHTML, like Gecko) Chrome/143.0.0.0 Safari/537.36"
65.111.7.159 - - [07/Jun/2026:20:00:19 +0200] "GET /wp-admin/ HTTP/1.1" 200 91847 "https://verona.elettroservicegroup.it/wp-login.php" "Mozilla/5.0 (Windows NT 10.0; Win64; x64) AppleWebKit/537.36 (KHTML, like Gecko) Chrome/143.0.0.0 Safari/537.36"
45.3.48.68 - - [07/Jun/2026:20:00:23 +0200] "GET /wp-login.php HTTP/1.1" 200 3478 "-" "Mozilla/5.0 (Windows NT 10.0; Win64; x64) AppleWebKit/537.36 (KHTML, like Gecko) Chrome/143.0.0.0 Safari/537.36"
45.3.48.68 - - [07/Jun/2026:20:00:24 +0200] "POST /wp-login.php HTTP/1.1" 200 3623 "https://verona.elettroservicegroup.it/wp-login.php" "Mozilla/5.0 (Windows NT 10.0; Win64; x64) AppleWebKit/537.36 (KHTML, like Gecko) Chrome/143.0.0.0 Safari/537.36"
65.111.7.159 - - [07/Jun/2026:20:00:23 +0200] "GET /wp-admin/plugin-install.php HTTP/1.1" 200 65019 "https://verona.elettroservicegroup.it/wp-login.php" "Mozilla/5.0 (Windows NT 10.0; Win64; x64) AppleWebKit/537.36 (KHTML, like Gecko) Chrome/143.0.0.0 Safari/537.36"
104.207.59.20 - - [07/Jun/2026:20:00:25 +0200] "GET /wp-login.php HTTP/1.1" 200 3478 "-" "Mozilla/5.0 (Windows NT 10.0; Win64; x64) AppleWebKit/537.36 (KHTML, like Gecko) Chrome/143.0.0.0 Safari/537.36"
104.207.59.20 - - [07/Jun/2026:20:00:26 +0200] "POST /wp-login.php HTTP/1.1" 200 3623 "https://verona.elettroservicegroup.it/wp-login.php" "Mozilla/5.0 (Windows NT 10.0; Win64; x64) AppleWebKit/537.36 (KHTML, like Gecko) Chrome/143.0.0.0 Safari/537.36"
65.111.7.159 - - [07/Jun/2026:20:00:25 +0200] "GET /wp-admin/plugin-install.php HTTP/1.1" 200 65019 "https://verona.elettroservicegroup.it/wp-login.php" "Mozilla/5.0 (Windows NT 10.0; Win64; x64) AppleWebKit/537.36 (KHTML, like Gecko) Chrome/143.0.0.0 Safari/537.36"
65.108.235.243 - - [07/Jun/2026:20:00:27 +0200] "GET / HTTP/1.1" 301 296 "-" "WP Fastest Cache Preload Bot"
65.108.235.243 - - [07/Jun/2026:20:00:27 +0200] "GET /index.php/ HTTP/1.1" 301 - "-" "WP Fastest Cache Preload Bot"
65.108.235.243 - - [07/Jun/2026:20:00:27 +0200] "POST /wp-cron.php?doing_wp_cron=1780855227.8807289600372314453125 HTTP/1.1" 200 1 "-" "WordPress/7.0; https://verona.elettroservicegroup.it"
65.111.11.12 - - [07/Jun/2026:20:00:27 +0200] "GET /wp-login.php HTTP/1.1" 200 3478 "-" "Mozilla/5.0 (Windows NT 10.0; Win64; x64) AppleWebKit/537.36 (KHTML, like Gecko) Chrome/143.0.0.0 Safari/537.36"
65.111.11.12 - - [07/Jun/2026:20:00:28 +0200] "POST /wp-login.php HTTP/1.1" 200 3623 "https://verona.elettroservicegroup.it/wp-login.php" "Mozilla/5.0 (Windows NT 10.0; Win64; x64) AppleWebKit/537.36 (KHTML, like Gecko) Chrome/143.0.0.0 Safari/537.36"
84.37.149.132 - - [07/Jun/2026:20:01:12 +0200] "GET /index.php/?h=21501287681100 HTTP/2.0" 301 - "-" "Mozilla/5.0 (Macintosh; Intel Mac OS X 10_15_7) AppleWebKit/537.36 (KHTML, like Gecko) Chrome/142.0.0.0 Safari/537.36"
66.249.64.11 - - [07/Jun/2026:20:04:47 +0200] "GET /?h=12192729521100 HTTP/1.1" 301 313 "-" "Mozilla/5.0 (Linux; Android 6.0.1; Nexus 5X Build/MMB29P) AppleWebKit/537.36 (KHTML, like Gecko) Chrome/148.0.7778.96 Mobile Safari/537.36 (compatible; Googlebot/2.1; +http://www.google.com/bot.html)"
66.249.64.10 - - [07/Jun/2026:20:04:47 +0200] "GET /index.php/?h=12192729521100 HTTP/1.1" 301 - "-" "Mozilla/5.0 (Linux; Android 6.0.1; Nexus 5X Build/MMB29P) AppleWebKit/537.36 (KHTML, like Gecko) Chrome/148.0.7778.96 Mobile Safari/537.36 (compatible; Googlebot/2.1; +http://www.google.com/bot.html)"
84.32.245.66 - - [07/Jun/2026:20:04:53 +0200] "GET /index.php/?h=23672654961100 HTTP/2.0" 301 - "-" "Mozilla/5.0 (Macintosh; Intel Mac OS X 10_15_7) AppleWebKit/537.36 (KHTML, like Gecko) Chrome/142.0.0.0 Safari/537.36"
66.249.64.11 - - [07/Jun/2026:20:06:51 +0200] "GET /?h=4960125241100 HTTP/1.1" 301 312 "-" "Mozilla/5.0 (Linux; Android 6.0.1; Nexus 5X Build/MMB29P) AppleWebKit/537.36 (KHTML, like Gecko) Chrome/148.0.7778.96 Mobile Safari/537.36 (compatible; Googlebot/2.1; +http://www.google.com/bot.html)"
66.249.64.10 - - [07/Jun/2026:20:06:51 +0200] "GET /index.php/?h=4960125241100 HTTP/1.1" 301 - "-" "Mozilla/5.0 (Linux; Android 6.0.1; Nexus 5X Build/MMB29P) AppleWebKit/537.36 (KHTML, like Gecko) Chrome/148.0.7778.96 Mobile Safari/537.36 (compatible; Googlebot/2.1; +http://www.google.com/bot.html)"
114.119.153.114 - - [07/Jun/2026:20:07:51 +0200] "GET /robots.txt HTTP/1.1" 200 97 "-" "Mozilla/5.0 (compatible;PetalBot;+https://webmaster.petalsearch.com/site/petalbot)"
24.182.183.194 - - [07/Jun/2026:20:12:23 +0200] "GET /?h=19556361241100 HTTP/2.0" 301 313 "-" "Mozilla/5.0 (iPhone; CPU iPhone OS 26_5_0 like Mac OS X) AppleWebKit/605.1.15 (KHTML, like Gecko) GSA/423.5.920392540 Mobile/15E148 Safari/604.1"
24.182.183.194 - - [07/Jun/2026:20:12:23 +0200] "GET /index.php/?h=19556361241100 HTTP/2.0" 301 - "-" "Mozilla/5.0 (iPhone; CPU iPhone OS 26_5_0 like Mac OS X) AppleWebKit/605.1.15 (KHTML, like Gecko) GSA/423.5.920392540 Mobile/15E148 Safari/604.1"
93.123.118.208 - - [07/Jun/2026:20:12:38 +0200] "HEAD /rona.elettroservicegrou.zip HTTP/2.0" 301 - "-" "Mozilla/5.0 (Windows NT 10.0; Win64; x64) AppleWebKit/537.36 (KHTML, like Gecko) Chrome/121.0.0.0 Safari/537.36"
66.249.64.12 - - [07/Jun/2026:20:15:00 +0200] "GET /?h=30077676681100 HTTP/1.1" 301 313 "-" "Mozilla/5.0 (Linux; Android 6.0.1; Nexus 5X Build/MMB29P) AppleWebKit/537.36 (KHTML, like Gecko) Chrome/148.0.7778.96 Mobile Safari/537.36 (compatible; Googlebot/2.1; +http://www.google.com/bot.html)"
66.249.64.12 - - [07/Jun/2026:20:15:01 +0200] "GET /index.php/?h=30077676681100 HTTP/1.1" 301 - "-" "Mozilla/5.0 (Linux; Android 6.0.1; Nexus 5X Build/MMB29P) AppleWebKit/537.36 (KHTML, like Gecko) Chrome/148.0.7778.96 Mobile Safari/537.36 (compatible; Googlebot/2.1; +http://www.google.com/bot.html)"
66.249.64.11 - - [07/Jun/2026:20:17:04 +0200] "GET /?h=29632836881100 HTTP/1.1" 301 313 "-" "Mozilla/5.0 (Linux; Android 6.0.1; Nexus 5X Build/MMB29P) AppleWebKit/537.36 (KHTML, like Gecko) Chrome/148.0.7778.96 Mobile Safari/537.36 (compatible; Googlebot/2.1; +http://www.google.com/bot.html)"
66.249.64.10 - - [07/Jun/2026:20:17:04 +0200] "GET /index.php/?h=29632836881100 HTTP/1.1" 301 - "-" "Mozilla/5.0 (Linux; Android 6.0.1; Nexus 5X Build/MMB29P) AppleWebKit/537.36 (KHTML, like Gecko) Chrome/148.0.7778.96 Mobile Safari/537.36 (compatible; Googlebot/2.1; +http://www.google.com/bot.html)"
93.123.118.208 - - [07/Jun/2026:20:19:12 +0200] "HEAD /ttroser.zip HTTP/2.0" 301 - "-" "Mozilla/5.0 (Windows NT 10.0; Win64; x64) AppleWebKit/537.36 (KHTML, like Gecko) Chrome/121.0.0.0 Safari/537.36"
47.82.10.80 - - [07/Jun/2026:20:20:22 +0200] "GET /?h=23580986481100 HTTP/1.1" 301 313 "https://verona.elettroservicegroup.it/" "Mozilla/5.0 (Windows NT 10.0; Win64; x64) AppleWebKit/537.36 (KHTML, like Gecko) Chrome/135.0.0.0 Safari/537.36 Edg/135.0.0.0"
47.82.10.80 - - [07/Jun/2026:20:20:22 +0200] "GET /index.php/?h=23580986481100 HTTP/1.1" 301 - "https://verona.elettroservicegroup.it/" "Mozilla/5.0 (Windows NT 10.0; Win64; x64) AppleWebKit/537.36 (KHTML, like Gecko) Chrome/135.0.0.0 Safari/537.36 Edg/135.0.0.0"
93.123.118.208 - - [07/Jun/2026:20:20:33 +0200] "HEAD /roservicegroup.it.zip HTTP/2.0" 301 - "-" "Mozilla/5.0 (Windows NT 10.0; Win64; x64) AppleWebKit/537.36 (KHTML, like Gecko) Chrome/121.0.0.0 Safari/537.36"
114.119.143.166 - - [07/Jun/2026:20:23:06 +0200] "GET /robots.txt HTTP/1.1" 200 97 "-" "Mozilla/5.0 (compatible;PetalBot;+https://webmaster.petalsearch.com/site/petalbot)"
52.167.144.55 - - [07/Jun/2026:20:26:37 +0200] "GET /robots.txt HTTP/2.0" 200 79 "-" "Mozilla/5.0 AppleWebKit/537.36 (KHTML, like Gecko; compatible; bingbot/2.0; +http://www.bing.com/bingbot.htm) Chrome/116.0.1938.76 Safari/537.36"
52.167.144.199 - - [07/Jun/2026:20:26:50 +0200] "GET /assistenza-miele-verona/ HTTP/2.0" 301 296 "-" "Mozilla/5.0 AppleWebKit/537.36 (KHTML, like Gecko; compatible; bingbot/2.0; +http://www.bing.com/bingbot.htm) Chrome/116.0.1938.76 Safari/537.36"
5.255.231.70 - - [07/Jun/2026:20:29:17 +0200] "GET /robots.txt HTTP/1.1" 200 83 "-" "Mozilla/5.0 (compatible; YandexBot/3.0; +http://yandex.com/bots)"
141.8.143.1 - - [07/Jun/2026:20:29:19 +0200] "GET /wp-content/uploads/2022/09/cropped-cropped-logo_white_background-192x192.png HTTP/2.0" 200 9808 "-" "Mozilla/5.0 (compatible; YandexFavicons/1.0; +http://yandex.com/bots)"
93.123.118.208 - - [07/Jun/2026:20:29:28 +0200] "HEAD /na.ele.zip HTTP/2.0" 301 - "-" "Mozilla/5.0 (Windows NT 10.0; Win64; x64) AppleWebKit/537.36 (KHTML, like Gecko) Chrome/121.0.0.0 Safari/537.36"
66.249.64.12 - - [07/Jun/2026:20:29:39 +0200] "GET /?h=11427661761100 HTTP/1.1" 301 313 "-" "Mozilla/5.0 (Linux; Android 6.0.1; Nexus 5X Build/MMB29P) AppleWebKit/537.36 (KHTML, like Gecko) Chrome/148.0.7778.96 Mobile Safari/537.36 (compatible; Googlebot/2.1; +http://www.google.com/bot.html)"
66.249.64.12 - - [07/Jun/2026:20:29:39 +0200] "GET /index.php/?h=11427661761100 HTTP/1.1" 301 - "-" "Mozilla/5.0 (Linux; Android 6.0.1; Nexus 5X Build/MMB29P) AppleWebKit/537.36 (KHTML, like Gecko) Chrome/148.0.7778.96 Mobile Safari/537.36 (compatible; Googlebot/2.1; +http://www.google.com/bot.html)"
66.249.64.10 - - [07/Jun/2026:20:30:59 +0200] "GET /?h=11452235001100 HTTP/1.1" 301 313 "-" "Mozilla/5.0 (Linux; Android 6.0.1; Nexus 5X Build/MMB29P) AppleWebKit/537.36 (KHTML, like Gecko) Chrome/148.0.7778.96 Mobile Safari/537.36 (compatible; Googlebot/2.1; +http://www.google.com/bot.html)"
66.249.64.10 - - [07/Jun/2026:20:30:59 +0200] "GET /index.php/?h=11452235001100 HTTP/1.1" 301 - "-" "Mozilla/5.0 (Linux; Android 6.0.1; Nexus 5X Build/MMB29P) AppleWebKit/537.36 (KHTML, like Gecko) Chrome/148.0.7778.96 Mobile Safari/537.36 (compatible; Googlebot/2.1; +http://www.google.com/bot.html)"
